{"id":129,"date":"2013-03-03T17:21:46","date_gmt":"2013-03-03T16:21:46","guid":{"rendered":"http:\/\/jf-landkreis-vulkaneifel.de\/?page_id=129"},"modified":"2015-01-24T18:21:41","modified_gmt":"2015-01-24T16:21:41","slug":"jugendfeuerwehr-darscheidhorscheid","status":"publish","type":"page","link":"https:\/\/jf-landkreis-vulkaneifel.de\/?page_id=129","title":{"rendered":"Jugendfeuerwehr Darscheid\/H\u00f6rscheid"},"content":{"rendered":"<p>Die Jugendfeuerwehr B\u00fcscheich wurde am 23.04.2010 gegr\u00fcndet.<\/p>\n<p>Wir treffen uns <strong>14-t\u00e4gig freitags <\/strong>um<strong> 18:30 Uhr<\/strong> am <strong>Feuerwehrger\u00e4tehaus <\/strong>in<strong> Darscheid<\/strong> zur gemeinsamen Gruppenstunde.<\/p>\n<p>Neben der Besch\u00e4ftigung mit feuerwehrtechnischen Themen werden auch regelm\u00e4\u00dfig verschiedene Freizeitaktivit\u00e4ten wie z.B.\u00a0 Spieletage,\u00a0 oder Aktivit\u00e4ten im Dorf unternommen.<\/p>\n<div id=\"attachment_399\" style=\"width: 1010px\" class=\"wp-caption alignnone\"><a href=\"https:\/\/jf-landkreis-vulkaneifel.de\/wp-content\/uploads\/2013\/03\/bild_darscheid_gr.jpg\"><img loading=\"lazy\" decoding=\"async\" aria-describedby=\"caption-attachment-399\" class=\"size-full wp-image-399\" src=\"https:\/\/jf-landkreis-vulkaneifel.de\/wp-content\/uploads\/2013\/03\/bild_darscheid_gr.jpg\" alt=\"Gruppenfoto Jugendfeuerwehr Darscheid\/H\u00f6rscheid\" width=\"1000\" height=\"667\" srcset=\"https:\/\/jf-landkreis-vulkaneifel.de\/wp-content\/uploads\/2013\/03\/bild_darscheid_gr.jpg 1000w, https:\/\/jf-landkreis-vulkaneifel.de\/wp-content\/uploads\/2013\/03\/bild_darscheid_gr-550x366.jpg 550w, https:\/\/jf-landkreis-vulkaneifel.de\/wp-content\/uploads\/2013\/03\/bild_darscheid_gr-624x416.jpg 624w\" sizes=\"auto, (max-width: 1000px) 100vw, 1000px\" \/><\/a><p id=\"caption-attachment-399\" class=\"wp-caption-text\">Gruppenfoto Jugendfeuerwehr Darscheid\/H\u00f6rscheid<\/p><\/div>\n<p><span style=\"font-family: Verdana; font-size: small;\"><b>Kontakt<\/b><\/span><\/p>\n<p>Jugendfeuerwehrwartin<br \/>\nAnja Schleuning<br \/>\nIm Dreesflur 10<br \/>\n54550 Daun<br \/>\nTelefon: 065 92 \/ 98 37 74<br \/>\nEmail: jf-darscheid(at)jf-lk-vulkaneifel(dot)de<br \/>\nInternetseite: <a title=\"Homepage Feuerwehr Darscheid\" href=\"http:\/\/www.feuerwehr-darscheid.de\" target=\"_blank\">www(dot)feuerwehr-darscheid(dot)de<\/a><\/p>\n<p>&nbsp;<\/p>\n","protected":false},"excerpt":{"rendered":"<p>Die Jugendfeuerwehr B\u00fcscheich wurde am 23.04.2010 gegr\u00fcndet. Wir treffen uns 14-t\u00e4gig freitags um 18:30 Uhr am Feuerwehrger\u00e4tehaus in Darscheid zur gemeinsamen Gruppenstunde. Neben der Besch\u00e4ftigung mit feuerwehrtechnischen Themen werden auch regelm\u00e4\u00dfig verschiedene Freizeitaktivit\u00e4ten wie z.B.\u00a0 Spieletage,\u00a0 oder Aktivit\u00e4ten im Dorf unternommen. Kontakt Jugendfeuerwehrwartin Anja Schleuning Im Dreesflur 10 54550 Daun Telefon: 065 92 \/ 98 [&hellip;]<\/p>\n","protected":false},"author":1,"featured_media":0,"parent":49,"menu_order":0,"comment_status":"closed","ping_status":"open","template":"","meta":{"footnotes":""},"class_list":["post-129","page","type-page","status-publish","hentry"],"_links":{"self":[{"href":"https:\/\/jf-landkreis-vulkaneifel.de\/index.php?rest_route=\/wp\/v2\/pages\/129","targetHints":{"allow":["GET"]}}],"collection":[{"href":"https:\/\/jf-landkreis-vulkaneifel.de\/index.php?rest_route=\/wp\/v2\/pages"}],"about":[{"href":"https:\/\/jf-landkreis-vulkaneifel.de\/index.php?rest_route=\/wp\/v2\/types\/page"}],"author":[{"embeddable":true,"href":"https:\/\/jf-landkreis-vulkaneifel.de\/index.php?rest_route=\/wp\/v2\/users\/1"}],"replies":[{"embeddable":true,"href":"https:\/\/jf-landkreis-vulkaneifel.de\/index.php?rest_route=%2Fwp%2Fv2%2Fcomments&post=129"}],"version-history":[{"count":9,"href":"https:\/\/jf-landkreis-vulkaneifel.de\/index.php?rest_route=\/wp\/v2\/pages\/129\/revisions"}],"predecessor-version":[{"id":784,"href":"https:\/\/jf-landkreis-vulkaneifel.de\/index.php?rest_route=\/wp\/v2\/pages\/129\/revisions\/784"}],"up":[{"embeddable":true,"href":"https:\/\/jf-landkreis-vulkaneifel.de\/index.php?rest_route=\/wp\/v2\/pages\/49"}],"wp:attachment":[{"href":"https:\/\/jf-landkreis-vulkaneifel.de\/index.php?rest_route=%2Fwp%2Fv2%2Fmedia&parent=129"}],"curies":[{"name":"wp","href":"https:\/\/api.w.org\/{rel}","templated":true}]}}

Jugendfeuerwehr Darscheid/Hörscheid

<p>Die Jugendfeuerwehr Büscheich wurde am 23.04.2010 gegründet.</p>
<p>Wir treffen uns <strong>14-tägig freitags </strong>um<strong> 18:30 Uhr</strong> am <strong>Feuerwehrgerätehaus </strong>in<strong> Darscheid</strong> zur gemeinsamen Gruppenstunde.</p>
<p>Neben der Beschäftigung mit feuerwehrtechnischen Themen werden auch regelmäßig verschiedene Freizeitaktivitäten wie z.B.  Spieletage,  oder Aktivitäten im Dorf unternommen.</p>
<div id="attachment_399" style="width: 1010px" class="wp-caption alignnone"><a href="https://jf-landkreis-vulkaneifel.de/wp-content/uploads/2013/03/bild_darscheid_gr.jpg"><img loading="lazy" decoding="async" aria-describedby="caption-attachment-399" class="size-full wp-image-399" src="https://jf-landkreis-vulkaneifel.de/wp-content/uploads/2013/03/bild_darscheid_gr.jpg" alt="Gruppenfoto Jugendfeuerwehr Darscheid/Hörscheid" width="1000" height="667" srcset="https://jf-landkreis-vulkaneifel.de/wp-content/uploads/2013/03/bild_darscheid_gr.jpg 1000w, https://jf-landkreis-vulkaneifel.de/wp-content/uploads/2013/03/bild_darscheid_gr-550x366.jpg 550w, https://jf-landkreis-vulkaneifel.de/wp-content/uploads/2013/03/bild_darscheid_gr-624x416.jpg 624w" sizes="auto, (max-width: 1000px) 100vw, 1000px" /></a><p id="caption-attachment-399" class="wp-caption-text">Gruppenfoto Jugendfeuerwehr Darscheid/Hörscheid</p></div>
<p><span style="font-family: Verdana; font-size: small;"><b>Kontakt</b></span></p>
<p>Jugendfeuerwehrwartin<br />
Anja Schleuning<br />
Im Dreesflur 10<br />
54550 Daun<br />
Telefon: 065 92 / 98 37 74<br />
Email: jf-darscheid(at)jf-lk-vulkaneifel(dot)de<br />
Internetseite: <a title="Homepage Feuerwehr Darscheid" href="http://www.feuerwehr-darscheid.de" target="_blank">www(dot)feuerwehr-darscheid(dot)de</a></p>
<p>&nbsp;</p>

<p>Die Jugendfeuerwehr Büscheich wurde am 23.04.2010 gegründet. Wir treffen uns 14-tägig freitags um 18:30 Uhr am Feuerwehrgerätehaus in Darscheid zur gemeinsamen Gruppenstunde. Neben der Beschäftigung mit feuerwehrtechnischen Themen werden auch regelmäßig verschiedene Freizeitaktivitäten wie z.B.  Spieletage,  oder Aktivitäten im Dorf unternommen. Kontakt Jugendfeuerwehrwartin Anja Schleuning Im Dreesflur 10 54550 Daun Telefon: 065 92 / 98 [&hellip;]</p>
