{"id":131,"date":"2013-03-03T17:22:12","date_gmt":"2013-03-03T16:22:12","guid":{"rendered":"http:\/\/jf-landkreis-vulkaneifel.de\/?page_id=131"},"modified":"2020-12-16T18:18:56","modified_gmt":"2020-12-16T16:18:56","slug":"jugendfeuerwehr-daun","status":"publish","type":"page","link":"https:\/\/jf-landkreis-vulkaneifel.de\/?page_id=131","title":{"rendered":"Jugendfeuerwehr Daun"},"content":{"rendered":"<p>Die Jugendfeuerwehr Daun wurde am 29.06.1982 gegr\u00fcndet.<\/p>\n<p>Wir treffen uns <strong>Mittwochs<\/strong> (au\u00dfer in den Ferien) um <strong>18:00 Uhr<\/strong> am <strong>Feuerwehrger\u00e4tehaus<\/strong> in <strong>Daun<\/strong> zur gemeinsamen Gruppenstunde. Einen aktuellen Dienstplan k\u00f6nnt ihr euch auf der Homepage der Feuerwehr Daun anschauen ( <a title=\"Feuerwehr Daun\" href=\"http:\/\/www.feuerwehr-daun.de\" target=\"_blank\" rel=\"noopener noreferrer\">www(dot)feuerwehr-daun(dot)de<\/a>).<\/p>\n<p>Neben der Besch\u00e4ftigung mit feuerwehrtechnischen Themen werden auch regelm\u00e4\u00dfig verschiedene Freizeitaktivit\u00e4ten oder Aktivit\u00e4ten in der Stadt unternommen.<\/p>\n<div id=\"attachment_2008\" style=\"width: 910px\" class=\"wp-caption alignnone\"><img loading=\"lazy\" decoding=\"async\" aria-describedby=\"caption-attachment-2008\" class=\"wp-image-2008 size-full\" src=\"https:\/\/jf-landkreis-vulkaneifel.de\/wp-content\/uploads\/2020\/12\/JF-2018-b-900x400.png\" alt=\"Gruppenfoto Jugendfeuerwehr Daun\" width=\"900\" height=\"400\" srcset=\"https:\/\/jf-landkreis-vulkaneifel.de\/wp-content\/uploads\/2020\/12\/JF-2018-b-900x400.png 900w, https:\/\/jf-landkreis-vulkaneifel.de\/wp-content\/uploads\/2020\/12\/JF-2018-b-900x400-550x244.png 550w, https:\/\/jf-landkreis-vulkaneifel.de\/wp-content\/uploads\/2020\/12\/JF-2018-b-900x400-768x341.png 768w, https:\/\/jf-landkreis-vulkaneifel.de\/wp-content\/uploads\/2020\/12\/JF-2018-b-900x400-624x277.png 624w\" sizes=\"auto, (max-width: 900px) 100vw, 900px\" \/><p id=\"caption-attachment-2008\" class=\"wp-caption-text\">Gruppenfoto Jugendfeuerwehr Daun<\/p><\/div>\n<p><b>Kontakt<\/b><\/p>\n<p>Jugendfeuerwehrwart<br \/>\nPhilipp Thiel<br \/>\nIm Rosengarten 14<br \/>\n54550 Daun<br \/>\nTelefon:\u00a00172 \/ 9567491<br \/>\nEmail: jugendwart(at)feuerwehr-daun(dot)de<br \/>\nInternetseite: <a title=\"Feuerwehr Daun\" href=\"http:\/\/www.feuerwehr-daun.de\" target=\"_blank\" rel=\"noopener noreferrer\">www(dot)feuerwehr-daun(dot)de<\/a><\/p>\n","protected":false},"excerpt":{"rendered":"<p>Die Jugendfeuerwehr Daun wurde am 29.06.1982 gegr\u00fcndet. Wir treffen uns Mittwochs (au\u00dfer in den Ferien) um 18:00 Uhr am Feuerwehrger\u00e4tehaus in Daun zur gemeinsamen Gruppenstunde. Einen aktuellen Dienstplan k\u00f6nnt ihr euch auf der Homepage der Feuerwehr Daun anschauen ( www(dot)feuerwehr-daun(dot)de). Neben der Besch\u00e4ftigung mit feuerwehrtechnischen Themen werden auch regelm\u00e4\u00dfig verschiedene Freizeitaktivit\u00e4ten oder Aktivit\u00e4ten in der [&hellip;]<\/p>\n","protected":false},"author":1,"featured_media":0,"parent":49,"menu_order":0,"comment_status":"closed","ping_status":"open","template":"","meta":{"footnotes":""},"class_list":["post-131","page","type-page","status-publish","hentry"],"_links":{"self":[{"href":"https:\/\/jf-landkreis-vulkaneifel.de\/index.php?rest_route=\/wp\/v2\/pages\/131","targetHints":{"allow":["GET"]}}],"collection":[{"href":"https:\/\/jf-landkreis-vulkaneifel.de\/index.php?rest_route=\/wp\/v2\/pages"}],"about":[{"href":"https:\/\/jf-landkreis-vulkaneifel.de\/index.php?rest_route=\/wp\/v2\/types\/page"}],"author":[{"embeddable":true,"href":"https:\/\/jf-landkreis-vulkaneifel.de\/index.php?rest_route=\/wp\/v2\/users\/1"}],"replies":[{"embeddable":true,"href":"https:\/\/jf-landkreis-vulkaneifel.de\/index.php?rest_route=%2Fwp%2Fv2%2Fcomments&post=131"}],"version-history":[{"count":18,"href":"https:\/\/jf-landkreis-vulkaneifel.de\/index.php?rest_route=\/wp\/v2\/pages\/131\/revisions"}],"predecessor-version":[{"id":2009,"href":"https:\/\/jf-landkreis-vulkaneifel.de\/index.php?rest_route=\/wp\/v2\/pages\/131\/revisions\/2009"}],"up":[{"embeddable":true,"href":"https:\/\/jf-landkreis-vulkaneifel.de\/index.php?rest_route=\/wp\/v2\/pages\/49"}],"wp:attachment":[{"href":"https:\/\/jf-landkreis-vulkaneifel.de\/index.php?rest_route=%2Fwp%2Fv2%2Fmedia&parent=131"}],"curies":[{"name":"wp","href":"https:\/\/api.w.org\/{rel}","templated":true}]}}

<p>Die Jugendfeuerwehr Daun wurde am 29.06.1982 gegründet.</p>
<p>Wir treffen uns <strong>Mittwochs</strong> (außer in den Ferien) um <strong>18:00 Uhr</strong> am <strong>Feuerwehrgerätehaus</strong> in <strong>Daun</strong> zur gemeinsamen Gruppenstunde. Einen aktuellen Dienstplan könnt ihr euch auf der Homepage der Feuerwehr Daun anschauen ( <a title="Feuerwehr Daun" href="http://www.feuerwehr-daun.de" target="_blank" rel="noopener noreferrer">www(dot)feuerwehr-daun(dot)de</a>).</p>
<p>Neben der Beschäftigung mit feuerwehrtechnischen Themen werden auch regelmäßig verschiedene Freizeitaktivitäten oder Aktivitäten in der Stadt unternommen.</p>
<div id="attachment_2008" style="width: 910px" class="wp-caption alignnone"><img loading="lazy" decoding="async" aria-describedby="caption-attachment-2008" class="wp-image-2008 size-full" src="https://jf-landkreis-vulkaneifel.de/wp-content/uploads/2020/12/JF-2018-b-900x400.png" alt="Gruppenfoto Jugendfeuerwehr Daun" width="900" height="400" srcset="https://jf-landkreis-vulkaneifel.de/wp-content/uploads/2020/12/JF-2018-b-900x400.png 900w, https://jf-landkreis-vulkaneifel.de/wp-content/uploads/2020/12/JF-2018-b-900x400-550x244.png 550w, https://jf-landkreis-vulkaneifel.de/wp-content/uploads/2020/12/JF-2018-b-900x400-768x341.png 768w, https://jf-landkreis-vulkaneifel.de/wp-content/uploads/2020/12/JF-2018-b-900x400-624x277.png 624w" sizes="auto, (max-width: 900px) 100vw, 900px" /><p id="caption-attachment-2008" class="wp-caption-text">Gruppenfoto Jugendfeuerwehr Daun</p></div>
<p><b>Kontakt</b></p>
<p>Jugendfeuerwehrwart<br />
Philipp Thiel<br />
Im Rosengarten 14<br />
54550 Daun<br />
Telefon: 0172 / 9567491<br />
Email: jugendwart(at)feuerwehr-daun(dot)de<br />
Internetseite: <a title="Feuerwehr Daun" href="http://www.feuerwehr-daun.de" target="_blank" rel="noopener noreferrer">www(dot)feuerwehr-daun(dot)de</a></p>

<p>Die Jugendfeuerwehr Daun wurde am 29.06.1982 gegründet. Wir treffen uns Mittwochs (außer in den Ferien) um 18:00 Uhr am Feuerwehrgerätehaus in Daun zur gemeinsamen Gruppenstunde. Einen aktuellen Dienstplan könnt ihr euch auf der Homepage der Feuerwehr Daun anschauen ( www(dot)feuerwehr-daun(dot)de). Neben der Beschäftigung mit feuerwehrtechnischen Themen werden auch regelmäßig verschiedene Freizeitaktivitäten oder Aktivitäten in der [&hellip;]</p>
