{"id":154,"date":"2013-03-03T17:26:24","date_gmt":"2013-03-03T16:26:24","guid":{"rendered":"http:\/\/jf-landkreis-vulkaneifel.de\/?page_id=154"},"modified":"2020-12-18T18:52:06","modified_gmt":"2020-12-18T16:52:06","slug":"jugendfeuerwehr-hillesheim","status":"publish","type":"page","link":"https:\/\/jf-landkreis-vulkaneifel.de\/?page_id=154","title":{"rendered":"Jugendfeuerwehr Hillesheim"},"content":{"rendered":"<p>Die Jugendfeuerwehr Hillesheim wurde am 14.12.1990 gegr\u00fcndet.<\/p>\n<p>Wir treffen uns <strong>14-t\u00e4gig Mittwochs<\/strong> um<strong> 18:00 Uhr<\/strong> am <strong>Feuerwehrger\u00e4tehaus <\/strong>in<strong> Hillesheim<\/strong> zur gemeinsamen Gruppenstunde.<\/p>\n<p>Neben der Besch\u00e4ftigung mit feuerwehrtechnischen Themen werden auch regelm\u00e4\u00dfig verschiedene Freizeitaktivit\u00e4ten wie Zeltlager oder Aktivit\u00e4ten im Dorf unternommen.<\/p>\n<div id=\"attachment_928\" style=\"width: 560px\" class=\"wp-caption alignnone\"><a href=\"https:\/\/jf-landkreis-vulkaneifel.de\/wp-content\/uploads\/2015\/07\/Gruppenfoto-JF-Hillesheim-02.jpg\"><img loading=\"lazy\" decoding=\"async\" aria-describedby=\"caption-attachment-928\" class=\"size-thumbnail wp-image-928\" src=\"https:\/\/jf-landkreis-vulkaneifel.de\/wp-content\/uploads\/2015\/07\/Gruppenfoto-JF-Hillesheim-02-550x367.jpg\" alt=\"Gruppenfoto Jugendfeuerwehr Hillesheim\" width=\"550\" height=\"367\" srcset=\"https:\/\/jf-landkreis-vulkaneifel.de\/wp-content\/uploads\/2015\/07\/Gruppenfoto-JF-Hillesheim-02-550x367.jpg 550w, https:\/\/jf-landkreis-vulkaneifel.de\/wp-content\/uploads\/2015\/07\/Gruppenfoto-JF-Hillesheim-02.jpg 1024w, https:\/\/jf-landkreis-vulkaneifel.de\/wp-content\/uploads\/2015\/07\/Gruppenfoto-JF-Hillesheim-02-624x416.jpg 624w\" sizes=\"auto, (max-width: 550px) 100vw, 550px\" \/><\/a><p id=\"caption-attachment-928\" class=\"wp-caption-text\">Gruppenfoto Jugendfeuerwehr Hillesheim<\/p><\/div>\n<p><b>Kontakt<\/b><\/p>\n<p>Jugendfeuerwehrwart<br \/>\nHenning Schl\u00f6sser<br \/>\nAm Rosenberg 1<br \/>\n54576 Hillesheim<br \/>\nTel. 0151 \/ 42893007<br \/>\nEmail: jf-hillesheim(at)jf-lk-vulkaneifel(dot)de<\/p>\n","protected":false},"excerpt":{"rendered":"<p>Die Jugendfeuerwehr Hillesheim wurde am 14.12.1990 gegr\u00fcndet. Wir treffen uns 14-t\u00e4gig Mittwochs um 18:00 Uhr am Feuerwehrger\u00e4tehaus in Hillesheim zur gemeinsamen Gruppenstunde. Neben der Besch\u00e4ftigung mit feuerwehrtechnischen Themen werden auch regelm\u00e4\u00dfig verschiedene Freizeitaktivit\u00e4ten wie Zeltlager oder Aktivit\u00e4ten im Dorf unternommen. Kontakt Jugendfeuerwehrwart Henning Schl\u00f6sser Am Rosenberg 1 54576 Hillesheim Tel. 0151 \/ 42893007 Email: jf-hillesheim(at)jf-lk-vulkaneifel(dot)de<\/p>\n","protected":false},"author":1,"featured_media":0,"parent":49,"menu_order":0,"comment_status":"closed","ping_status":"open","template":"","meta":{"footnotes":""},"class_list":["post-154","page","type-page","status-publish","hentry"],"_links":{"self":[{"href":"https:\/\/jf-landkreis-vulkaneifel.de\/index.php?rest_route=\/wp\/v2\/pages\/154","targetHints":{"allow":["GET"]}}],"collection":[{"href":"https:\/\/jf-landkreis-vulkaneifel.de\/index.php?rest_route=\/wp\/v2\/pages"}],"about":[{"href":"https:\/\/jf-landkreis-vulkaneifel.de\/index.php?rest_route=\/wp\/v2\/types\/page"}],"author":[{"embeddable":true,"href":"https:\/\/jf-landkreis-vulkaneifel.de\/index.php?rest_route=\/wp\/v2\/users\/1"}],"replies":[{"embeddable":true,"href":"https:\/\/jf-landkreis-vulkaneifel.de\/index.php?rest_route=%2Fwp%2Fv2%2Fcomments&post=154"}],"version-history":[{"count":9,"href":"https:\/\/jf-landkreis-vulkaneifel.de\/index.php?rest_route=\/wp\/v2\/pages\/154\/revisions"}],"predecessor-version":[{"id":2015,"href":"https:\/\/jf-landkreis-vulkaneifel.de\/index.php?rest_route=\/wp\/v2\/pages\/154\/revisions\/2015"}],"up":[{"embeddable":true,"href":"https:\/\/jf-landkreis-vulkaneifel.de\/index.php?rest_route=\/wp\/v2\/pages\/49"}],"wp:attachment":[{"href":"https:\/\/jf-landkreis-vulkaneifel.de\/index.php?rest_route=%2Fwp%2Fv2%2Fmedia&parent=154"}],"curies":[{"name":"wp","href":"https:\/\/api.w.org\/{rel}","templated":true}]}}

<p>Die Jugendfeuerwehr Hillesheim wurde am 14.12.1990 gegründet.</p>
<p>Wir treffen uns <strong>14-tägig Mittwochs</strong> um<strong> 18:00 Uhr</strong> am <strong>Feuerwehrgerätehaus </strong>in<strong> Hillesheim</strong> zur gemeinsamen Gruppenstunde.</p>
<p>Neben der Beschäftigung mit feuerwehrtechnischen Themen werden auch regelmäßig verschiedene Freizeitaktivitäten wie Zeltlager oder Aktivitäten im Dorf unternommen.</p>
<div id="attachment_928" style="width: 560px" class="wp-caption alignnone"><a href="https://jf-landkreis-vulkaneifel.de/wp-content/uploads/2015/07/Gruppenfoto-JF-Hillesheim-02.jpg"><img loading="lazy" decoding="async" aria-describedby="caption-attachment-928" class="size-thumbnail wp-image-928" src="https://jf-landkreis-vulkaneifel.de/wp-content/uploads/2015/07/Gruppenfoto-JF-Hillesheim-02-550x367.jpg" alt="Gruppenfoto Jugendfeuerwehr Hillesheim" width="550" height="367" srcset="https://jf-landkreis-vulkaneifel.de/wp-content/uploads/2015/07/Gruppenfoto-JF-Hillesheim-02-550x367.jpg 550w, https://jf-landkreis-vulkaneifel.de/wp-content/uploads/2015/07/Gruppenfoto-JF-Hillesheim-02.jpg 1024w, https://jf-landkreis-vulkaneifel.de/wp-content/uploads/2015/07/Gruppenfoto-JF-Hillesheim-02-624x416.jpg 624w" sizes="auto, (max-width: 550px) 100vw, 550px" /></a><p id="caption-attachment-928" class="wp-caption-text">Gruppenfoto Jugendfeuerwehr Hillesheim</p></div>
<p><b>Kontakt</b></p>
<p>Jugendfeuerwehrwart<br />
Henning Schlösser<br />
Am Rosenberg 1<br />
54576 Hillesheim<br />
Tel. 0151 / 42893007<br />
Email: jf-hillesheim(at)jf-lk-vulkaneifel(dot)de</p>

<p>Die Jugendfeuerwehr Hillesheim wurde am 14.12.1990 gegründet. Wir treffen uns 14-tägig Mittwochs um 18:00 Uhr am Feuerwehrgerätehaus in Hillesheim zur gemeinsamen Gruppenstunde. Neben der Beschäftigung mit feuerwehrtechnischen Themen werden auch regelmäßig verschiedene Freizeitaktivitäten wie Zeltlager oder Aktivitäten im Dorf unternommen. Kontakt Jugendfeuerwehrwart Henning Schlösser Am Rosenberg 1 54576 Hillesheim Tel. 0151 / 42893007 Email: jf-hillesheim(at)jf-lk-vulkaneifel(dot)de</p>
