{"id":156,"date":"2013-03-03T17:26:41","date_gmt":"2013-03-03T16:26:41","guid":{"rendered":"http:\/\/jf-landkreis-vulkaneifel.de\/?page_id=156"},"modified":"2025-07-25T21:48:56","modified_gmt":"2025-07-25T19:48:56","slug":"jugendfeuerwehr-junkerath","status":"publish","type":"page","link":"https:\/\/jf-landkreis-vulkaneifel.de\/?page_id=156","title":{"rendered":"Jugendfeuerwehr J\u00fcnkerath"},"content":{"rendered":"<p>Die Jugendfeuerwehr J\u00fcnkerath wurde am 25.03.1999 gegr\u00fcndet.<\/p>\n<p>Wir treffen uns <strong>14-t\u00e4gig Dienstags<\/strong> um<strong> 18:00 Uhr<\/strong> am <strong>Feuerwehrger\u00e4tehaus <\/strong>in<strong> J\u00fcnkerath<\/strong><br \/>\nzur gemeinsamen Gruppenstunde.<\/p>\n<p>Neben der Besch\u00e4ftigung mit feuerwehrtechnischen Themen werden auch regelm\u00e4\u00dfig verschiedene Freizeitaktivit\u00e4ten oder Aktivit\u00e4ten im Dorf unternommen.<\/p>\n<div id=\"attachment_1959\" style=\"width: 1034px\" class=\"wp-caption alignnone\"><img loading=\"lazy\" decoding=\"async\" aria-describedby=\"caption-attachment-1959\" class=\"wp-image-1959 size-medium\" src=\"https:\/\/jf-landkreis-vulkaneifel.de\/wp-content\/uploads\/2020\/12\/20200915_181247-edit-2-1024x683.jpg\" alt=\"Jugendliche der Jugendfeuerwehr Juenkerath aktiv in der \u00dcbungsstunde\" width=\"1024\" height=\"683\" srcset=\"https:\/\/jf-landkreis-vulkaneifel.de\/wp-content\/uploads\/2020\/12\/20200915_181247-edit-2.jpg 1024w, https:\/\/jf-landkreis-vulkaneifel.de\/wp-content\/uploads\/2020\/12\/20200915_181247-edit-2-550x367.jpg 550w, https:\/\/jf-landkreis-vulkaneifel.de\/wp-content\/uploads\/2020\/12\/20200915_181247-edit-2-768x512.jpg 768w, https:\/\/jf-landkreis-vulkaneifel.de\/wp-content\/uploads\/2020\/12\/20200915_181247-edit-2-624x416.jpg 624w\" sizes=\"auto, (max-width: 1024px) 100vw, 1024px\" \/><p id=\"caption-attachment-1959\" class=\"wp-caption-text\">Jugendliche der Jugendfeuerwehr Juenkerath<\/p><\/div>\n<p><b>Kontakt<\/b><\/p>\n<p>Jugendfeuerwehrwartin<br \/>\nPaula Templin<br \/>\nTelefon: &#8211;<br \/>\nEmail: jugendfeuerwehr@feuerwehr-juenkerath.de<\/p>\n","protected":false},"excerpt":{"rendered":"<p>Die Jugendfeuerwehr J\u00fcnkerath wurde am 25.03.1999 gegr\u00fcndet. Wir treffen uns 14-t\u00e4gig Dienstags um 18:00 Uhr am Feuerwehrger\u00e4tehaus in J\u00fcnkerath zur gemeinsamen Gruppenstunde. Neben der Besch\u00e4ftigung mit feuerwehrtechnischen Themen werden auch regelm\u00e4\u00dfig verschiedene Freizeitaktivit\u00e4ten oder Aktivit\u00e4ten im Dorf unternommen. Kontakt Jugendfeuerwehrwartin Paula Templin Telefon: &#8211; Email: jugendfeuerwehr@feuerwehr-juenkerath.de<\/p>\n","protected":false},"author":1,"featured_media":0,"parent":49,"menu_order":0,"comment_status":"closed","ping_status":"open","template":"","meta":{"footnotes":""},"class_list":["post-156","page","type-page","status-publish","hentry"],"_links":{"self":[{"href":"https:\/\/jf-landkreis-vulkaneifel.de\/index.php?rest_route=\/wp\/v2\/pages\/156","targetHints":{"allow":["GET"]}}],"collection":[{"href":"https:\/\/jf-landkreis-vulkaneifel.de\/index.php?rest_route=\/wp\/v2\/pages"}],"about":[{"href":"https:\/\/jf-landkreis-vulkaneifel.de\/index.php?rest_route=\/wp\/v2\/types\/page"}],"author":[{"embeddable":true,"href":"https:\/\/jf-landkreis-vulkaneifel.de\/index.php?rest_route=\/wp\/v2\/users\/1"}],"replies":[{"embeddable":true,"href":"https:\/\/jf-landkreis-vulkaneifel.de\/index.php?rest_route=%2Fwp%2Fv2%2Fcomments&post=156"}],"version-history":[{"count":8,"href":"https:\/\/jf-landkreis-vulkaneifel.de\/index.php?rest_route=\/wp\/v2\/pages\/156\/revisions"}],"predecessor-version":[{"id":2320,"href":"https:\/\/jf-landkreis-vulkaneifel.de\/index.php?rest_route=\/wp\/v2\/pages\/156\/revisions\/2320"}],"up":[{"embeddable":true,"href":"https:\/\/jf-landkreis-vulkaneifel.de\/index.php?rest_route=\/wp\/v2\/pages\/49"}],"wp:attachment":[{"href":"https:\/\/jf-landkreis-vulkaneifel.de\/index.php?rest_route=%2Fwp%2Fv2%2Fmedia&parent=156"}],"curies":[{"name":"wp","href":"https:\/\/api.w.org\/{rel}","templated":true}]}}

Jugendfeuerwehr Jünkerath

<p>Die Jugendfeuerwehr Jünkerath wurde am 25.03.1999 gegründet.</p>
<p>Wir treffen uns <strong>14-tägig Dienstags</strong> um<strong> 18:00 Uhr</strong> am <strong>Feuerwehrgerätehaus </strong>in<strong> Jünkerath</strong><br />
zur gemeinsamen Gruppenstunde.</p>
<p>Neben der Beschäftigung mit feuerwehrtechnischen Themen werden auch regelmäßig verschiedene Freizeitaktivitäten oder Aktivitäten im Dorf unternommen.</p>
<div id="attachment_1959" style="width: 1034px" class="wp-caption alignnone"><img loading="lazy" decoding="async" aria-describedby="caption-attachment-1959" class="wp-image-1959 size-medium" src="https://jf-landkreis-vulkaneifel.de/wp-content/uploads/2020/12/20200915_181247-edit-2-1024x683.jpg" alt="Jugendliche der Jugendfeuerwehr Juenkerath aktiv in der Übungsstunde" width="1024" height="683" srcset="https://jf-landkreis-vulkaneifel.de/wp-content/uploads/2020/12/20200915_181247-edit-2.jpg 1024w, https://jf-landkreis-vulkaneifel.de/wp-content/uploads/2020/12/20200915_181247-edit-2-550x367.jpg 550w, https://jf-landkreis-vulkaneifel.de/wp-content/uploads/2020/12/20200915_181247-edit-2-768x512.jpg 768w, https://jf-landkreis-vulkaneifel.de/wp-content/uploads/2020/12/20200915_181247-edit-2-624x416.jpg 624w" sizes="auto, (max-width: 1024px) 100vw, 1024px" /><p id="caption-attachment-1959" class="wp-caption-text">Jugendliche der Jugendfeuerwehr Juenkerath</p></div>
<p><b>Kontakt</b></p>
<p>Jugendfeuerwehrwartin<br />
Paula Templin<br />
Telefon: &#8211;<br />
Email: jugendfeuerwehr@feuerwehr-juenkerath.de</p>

<p>Die Jugendfeuerwehr Jünkerath wurde am 25.03.1999 gegründet. Wir treffen uns 14-tägig Dienstags um 18:00 Uhr am Feuerwehrgerätehaus in Jünkerath zur gemeinsamen Gruppenstunde. Neben der Beschäftigung mit feuerwehrtechnischen Themen werden auch regelmäßig verschiedene Freizeitaktivitäten oder Aktivitäten im Dorf unternommen. Kontakt Jugendfeuerwehrwartin Paula Templin Telefon: &#8211; Email: jugendfeuerwehr@feuerwehr-juenkerath.de</p>
