{"id":160,"date":"2013-03-03T17:27:20","date_gmt":"2013-03-03T16:27:20","guid":{"rendered":"http:\/\/jf-landkreis-vulkaneifel.de\/?page_id=160"},"modified":"2025-01-23T22:24:20","modified_gmt":"2025-01-23T20:24:20","slug":"jugendfeuerwehr-kelberg","status":"publish","type":"page","link":"https:\/\/jf-landkreis-vulkaneifel.de\/?page_id=160","title":{"rendered":"Jugendfeuerwehr Kelberg"},"content":{"rendered":"<p>Die Jugendfeuerwehr Kelberg wurde am 02.04.1987 gegr\u00fcndet.<\/p>\n<p>Wir treffen uns\u00a0<strong>mit Ausnahme der Ferien jeden Freitag <\/strong>um<strong> 17:30 Uhr <\/strong>am<strong> Feuerwehrger\u00e4tehaus <\/strong>in<strong>\u00a0Kelberg\u00a0<\/strong>zur gemeinsamen Gruppenstunde. Vom Dezember bis zum V\u00f6lkerballturnier Anfang M\u00e4rz eines jeden Jahres treffen wir uns um die gleiche Zeit in der Sporthalle der Regionalschule, um uns auf das Turnier vorzubereiten. Dieses machen wir zusammen mit der Jugendfeuerwehr Bongard\/Bodenbach.<\/p>\n<p>Zudem unterst\u00fctzt die JF verschiedene Projekte wie z.B.:<\/p>\n<ul>\n<li>den \u201eDreck-weg-Tag\u201c,<\/li>\n<li>das Einsammeln der Weihnachtsb\u00e4ume Anfang Januar,<\/li>\n<li>Aufr\u00e4umarbeiten der Wege zur Unterst\u00fctzung der Ortsgemeindearbeiter nach dem Karnevalsumzug,<\/li>\n<li>Pflege des Zugweges, zusammen mit den Aktiven der Feuerwehr und der Altersabteilung, am Schwarzenberg,<\/li>\n<li>Parkplatzeinweisung bei der Eifelrallye,<\/li>\n<li>des Weiteren trifft man uns auch bei Veranstaltungen der Kita und der Schule<\/li>\n<\/ul>\n<p>Die JF Kelberg wird von Jugendfeuerwehrwart Winfried M\u00fcller und seinem Stellvertreter Franz-Josef Molitor geleitet. Unterst\u00fctzt werden sie von den Jugendbetreuern Bennet Schneider und Lukas Lues, sowie von Amelie Hoffmann als Betreuerin f\u00fcr die M\u00e4dchen.<\/p>\n<div id=\"attachment_2236\" style=\"width: 1034px\" class=\"wp-caption alignnone\"><img loading=\"lazy\" decoding=\"async\" aria-describedby=\"caption-attachment-2236\" class=\"wp-image-2236 size-medium\" src=\"https:\/\/jf-landkreis-vulkaneifel.de\/wp-content\/uploads\/2025\/01\/Parplatzeinweisung-Eifelrallye-in-Koettelbach-2024-1024x524.jpg\" alt=\"Gruppenfoto Jugendfeuerwehr Kelberg\" width=\"1024\" height=\"524\" srcset=\"https:\/\/jf-landkreis-vulkaneifel.de\/wp-content\/uploads\/2025\/01\/Parplatzeinweisung-Eifelrallye-in-Koettelbach-2024-1024x524.jpg 1024w, https:\/\/jf-landkreis-vulkaneifel.de\/wp-content\/uploads\/2025\/01\/Parplatzeinweisung-Eifelrallye-in-Koettelbach-2024-1280x655.jpg 1280w, https:\/\/jf-landkreis-vulkaneifel.de\/wp-content\/uploads\/2025\/01\/Parplatzeinweisung-Eifelrallye-in-Koettelbach-2024-550x282.jpg 550w, https:\/\/jf-landkreis-vulkaneifel.de\/wp-content\/uploads\/2025\/01\/Parplatzeinweisung-Eifelrallye-in-Koettelbach-2024-768x393.jpg 768w, https:\/\/jf-landkreis-vulkaneifel.de\/wp-content\/uploads\/2025\/01\/Parplatzeinweisung-Eifelrallye-in-Koettelbach-2024-624x320.jpg 624w, https:\/\/jf-landkreis-vulkaneifel.de\/wp-content\/uploads\/2025\/01\/Parplatzeinweisung-Eifelrallye-in-Koettelbach-2024.jpg 1537w\" sizes=\"auto, (max-width: 1024px) 100vw, 1024px\" \/><p id=\"caption-attachment-2236\" class=\"wp-caption-text\">Gruppenfoto Jugendfeuerwehr Kelberg<\/p><\/div>\n<p><strong>Kontakt<\/strong><\/p>\n<p>Jugendfeuerwehrwart<br \/>\nWinfried M\u00fcller<br \/>\nAmselweg 5<br \/>\n53539 Kelberg<br \/>\nTelefon: +49 172 8248800<br \/>\nE-Mail: winni_mueller@web.de<\/p>\n<p>stv. Jugendfeuerwehrwart<br \/>\nFranz-Josef Molitor<br \/>\nBonnerstr. 14<br \/>\n53539 Kelberg<br \/>\nTelefon: +49 163 2312700<br \/>\nE-Mail: molitor-franz@t-online.de<\/p>\n","protected":false},"excerpt":{"rendered":"<p>Die Jugendfeuerwehr Kelberg wurde am 02.04.1987 gegr\u00fcndet. Wir treffen uns\u00a0mit Ausnahme der Ferien jeden Freitag um 17:30 Uhr am Feuerwehrger\u00e4tehaus in\u00a0Kelberg\u00a0zur gemeinsamen Gruppenstunde. Vom Dezember bis zum V\u00f6lkerballturnier Anfang M\u00e4rz eines jeden Jahres treffen wir uns um die gleiche Zeit in der Sporthalle der Regionalschule, um uns auf das Turnier vorzubereiten. Dieses machen wir zusammen [&hellip;]<\/p>\n","protected":false},"author":1,"featured_media":0,"parent":49,"menu_order":0,"comment_status":"closed","ping_status":"open","template":"","meta":{"footnotes":""},"class_list":["post-160","page","type-page","status-publish","hentry"],"_links":{"self":[{"href":"https:\/\/jf-landkreis-vulkaneifel.de\/index.php?rest_route=\/wp\/v2\/pages\/160","targetHints":{"allow":["GET"]}}],"collection":[{"href":"https:\/\/jf-landkreis-vulkaneifel.de\/index.php?rest_route=\/wp\/v2\/pages"}],"about":[{"href":"https:\/\/jf-landkreis-vulkaneifel.de\/index.php?rest_route=\/wp\/v2\/types\/page"}],"author":[{"embeddable":true,"href":"https:\/\/jf-landkreis-vulkaneifel.de\/index.php?rest_route=\/wp\/v2\/users\/1"}],"replies":[{"embeddable":true,"href":"https:\/\/jf-landkreis-vulkaneifel.de\/index.php?rest_route=%2Fwp%2Fv2%2Fcomments&post=160"}],"version-history":[{"count":13,"href":"https:\/\/jf-landkreis-vulkaneifel.de\/index.php?rest_route=\/wp\/v2\/pages\/160\/revisions"}],"predecessor-version":[{"id":2238,"href":"https:\/\/jf-landkreis-vulkaneifel.de\/index.php?rest_route=\/wp\/v2\/pages\/160\/revisions\/2238"}],"up":[{"embeddable":true,"href":"https:\/\/jf-landkreis-vulkaneifel.de\/index.php?rest_route=\/wp\/v2\/pages\/49"}],"wp:attachment":[{"href":"https:\/\/jf-landkreis-vulkaneifel.de\/index.php?rest_route=%2Fwp%2Fv2%2Fmedia&parent=160"}],"curies":[{"name":"wp","href":"https:\/\/api.w.org\/{rel}","templated":true}]}}

<p>Die Jugendfeuerwehr Kelberg wurde am 02.04.1987 gegründet.</p>
<p>Wir treffen uns <strong>mit Ausnahme der Ferien jeden Freitag </strong>um<strong> 17:30 Uhr </strong>am<strong> Feuerwehrgerätehaus </strong>in<strong> Kelberg </strong>zur gemeinsamen Gruppenstunde. Vom Dezember bis zum Völkerballturnier Anfang März eines jeden Jahres treffen wir uns um die gleiche Zeit in der Sporthalle der Regionalschule, um uns auf das Turnier vorzubereiten. Dieses machen wir zusammen mit der Jugendfeuerwehr Bongard/Bodenbach.</p>
<p>Zudem unterstützt die JF verschiedene Projekte wie z.B.:</p>
<ul>
<li>den „Dreck-weg-Tag“,</li>
<li>das Einsammeln der Weihnachtsbäume Anfang Januar,</li>
<li>Aufräumarbeiten der Wege zur Unterstützung der Ortsgemeindearbeiter nach dem Karnevalsumzug,</li>
<li>Pflege des Zugweges, zusammen mit den Aktiven der Feuerwehr und der Altersabteilung, am Schwarzenberg,</li>
<li>Parkplatzeinweisung bei der Eifelrallye,</li>
<li>des Weiteren trifft man uns auch bei Veranstaltungen der Kita und der Schule</li>
</ul>
<p>Die JF Kelberg wird von Jugendfeuerwehrwart Winfried Müller und seinem Stellvertreter Franz-Josef Molitor geleitet. Unterstützt werden sie von den Jugendbetreuern Bennet Schneider und Lukas Lues, sowie von Amelie Hoffmann als Betreuerin für die Mädchen.</p>
<div id="attachment_2236" style="width: 1034px" class="wp-caption alignnone"><img loading="lazy" decoding="async" aria-describedby="caption-attachment-2236" class="wp-image-2236 size-medium" src="https://jf-landkreis-vulkaneifel.de/wp-content/uploads/2025/01/Parplatzeinweisung-Eifelrallye-in-Koettelbach-2024-1024x524.jpg" alt="Gruppenfoto Jugendfeuerwehr Kelberg" width="1024" height="524" srcset="https://jf-landkreis-vulkaneifel.de/wp-content/uploads/2025/01/Parplatzeinweisung-Eifelrallye-in-Koettelbach-2024-1024x524.jpg 1024w, https://jf-landkreis-vulkaneifel.de/wp-content/uploads/2025/01/Parplatzeinweisung-Eifelrallye-in-Koettelbach-2024-1280x655.jpg 1280w, https://jf-landkreis-vulkaneifel.de/wp-content/uploads/2025/01/Parplatzeinweisung-Eifelrallye-in-Koettelbach-2024-550x282.jpg 550w, https://jf-landkreis-vulkaneifel.de/wp-content/uploads/2025/01/Parplatzeinweisung-Eifelrallye-in-Koettelbach-2024-768x393.jpg 768w, https://jf-landkreis-vulkaneifel.de/wp-content/uploads/2025/01/Parplatzeinweisung-Eifelrallye-in-Koettelbach-2024-624x320.jpg 624w, https://jf-landkreis-vulkaneifel.de/wp-content/uploads/2025/01/Parplatzeinweisung-Eifelrallye-in-Koettelbach-2024.jpg 1537w" sizes="auto, (max-width: 1024px) 100vw, 1024px" /><p id="caption-attachment-2236" class="wp-caption-text">Gruppenfoto Jugendfeuerwehr Kelberg</p></div>
<p><strong>Kontakt</strong></p>
<p>Jugendfeuerwehrwart<br />
Winfried Müller<br />
Amselweg 5<br />
53539 Kelberg<br />
Telefon: +49 172 8248800<br />
E-Mail: winni_mueller@web.de</p>
<p>stv. Jugendfeuerwehrwart<br />
Franz-Josef Molitor<br />
Bonnerstr. 14<br />
53539 Kelberg<br />
Telefon: +49 163 2312700<br />
E-Mail: molitor-franz@t-online.de</p>

<p>Die Jugendfeuerwehr Kelberg wurde am 02.04.1987 gegründet. Wir treffen uns mit Ausnahme der Ferien jeden Freitag um 17:30 Uhr am Feuerwehrgerätehaus in Kelberg zur gemeinsamen Gruppenstunde. Vom Dezember bis zum Völkerballturnier Anfang März eines jeden Jahres treffen wir uns um die gleiche Zeit in der Sporthalle der Regionalschule, um uns auf das Turnier vorzubereiten. Dieses machen wir zusammen [&hellip;]</p>
