{"id":162,"date":"2013-03-03T17:27:38","date_gmt":"2013-03-03T16:27:38","guid":{"rendered":"http:\/\/jf-landkreis-vulkaneifel.de\/?page_id=162"},"modified":"2024-02-05T15:17:33","modified_gmt":"2024-02-05T13:17:33","slug":"jugendfeuerwehr-kirchweiler","status":"publish","type":"page","link":"https:\/\/jf-landkreis-vulkaneifel.de\/?page_id=162","title":{"rendered":"Jugendfeuerwehr Kirchweiler"},"content":{"rendered":"<p>Die Jugendfeuerwehr Kirchweiler wurde am 13.05.1983 gegr\u00fcndet.<\/p>\n<p>Wir treffen uns <strong>alle 14 Tage mittwochs<\/strong> um<strong> 17:30 Uhr<\/strong> am <strong>Feuerwehrhaus <\/strong>in<strong> Kirchweiler<\/strong> zur gemeinsamen Gruppenstunde.<\/p>\n<p>Neben der Besch\u00e4ftigung mit feuerwehrtechnischen Themen werden auch regelm\u00e4\u00dfig verschiedene Freizeitaktivit\u00e4ten oder Aktivit\u00e4ten im Dorf unternommen.<\/p>\n<div id=\"attachment_2189\" style=\"width: 1034px\" class=\"wp-caption alignnone\"><img loading=\"lazy\" decoding=\"async\" aria-describedby=\"caption-attachment-2189\" class=\"wp-image-2189 size-medium\" src=\"https:\/\/jf-landkreis-vulkaneifel.de\/wp-content\/uploads\/2024\/02\/Gruppenfoto_JF_Kirchweiler_2024-1024x768.jpg\" alt=\"Gruppenfoto Jugendfeuerwehr Kirchweiler\" width=\"1024\" height=\"768\" srcset=\"https:\/\/jf-landkreis-vulkaneifel.de\/wp-content\/uploads\/2024\/02\/Gruppenfoto_JF_Kirchweiler_2024-1024x768.jpg 1024w, https:\/\/jf-landkreis-vulkaneifel.de\/wp-content\/uploads\/2024\/02\/Gruppenfoto_JF_Kirchweiler_2024-1280x960.jpg 1280w, https:\/\/jf-landkreis-vulkaneifel.de\/wp-content\/uploads\/2024\/02\/Gruppenfoto_JF_Kirchweiler_2024-550x413.jpg 550w, https:\/\/jf-landkreis-vulkaneifel.de\/wp-content\/uploads\/2024\/02\/Gruppenfoto_JF_Kirchweiler_2024-768x576.jpg 768w, https:\/\/jf-landkreis-vulkaneifel.de\/wp-content\/uploads\/2024\/02\/Gruppenfoto_JF_Kirchweiler_2024-1536x1152.jpg 1536w, https:\/\/jf-landkreis-vulkaneifel.de\/wp-content\/uploads\/2024\/02\/Gruppenfoto_JF_Kirchweiler_2024-624x468.jpg 624w, https:\/\/jf-landkreis-vulkaneifel.de\/wp-content\/uploads\/2024\/02\/Gruppenfoto_JF_Kirchweiler_2024.jpg 1600w\" sizes=\"auto, (max-width: 1024px) 100vw, 1024px\" \/><p id=\"caption-attachment-2189\" class=\"wp-caption-text\">Gruppenfoto Jugendfeuerwehr Kirchweiler<\/p><\/div>\n<p><b>Kontakt<\/b><\/p>\n<p>Jugendfeuerwehrwart<br \/>\nMartin Michels<br \/>\nHauptstr. 52<br \/>\n54570 Kirchweiler<br \/>\nTelefon: 06595 \/ 2589049<\/p>\n","protected":false},"excerpt":{"rendered":"<p>Die Jugendfeuerwehr Kirchweiler wurde am 13.05.1983 gegr\u00fcndet. Wir treffen uns alle 14 Tage mittwochs um 17:30 Uhr am Feuerwehrhaus in Kirchweiler zur gemeinsamen Gruppenstunde. Neben der Besch\u00e4ftigung mit feuerwehrtechnischen Themen werden auch regelm\u00e4\u00dfig verschiedene Freizeitaktivit\u00e4ten oder Aktivit\u00e4ten im Dorf unternommen. Kontakt Jugendfeuerwehrwart Martin Michels Hauptstr. 52 54570 Kirchweiler Telefon: 06595 \/ 2589049<\/p>\n","protected":false},"author":1,"featured_media":0,"parent":49,"menu_order":0,"comment_status":"closed","ping_status":"open","template":"","meta":{"footnotes":""},"class_list":["post-162","page","type-page","status-publish","hentry"],"_links":{"self":[{"href":"https:\/\/jf-landkreis-vulkaneifel.de\/index.php?rest_route=\/wp\/v2\/pages\/162","targetHints":{"allow":["GET"]}}],"collection":[{"href":"https:\/\/jf-landkreis-vulkaneifel.de\/index.php?rest_route=\/wp\/v2\/pages"}],"about":[{"href":"https:\/\/jf-landkreis-vulkaneifel.de\/index.php?rest_route=\/wp\/v2\/types\/page"}],"author":[{"embeddable":true,"href":"https:\/\/jf-landkreis-vulkaneifel.de\/index.php?rest_route=\/wp\/v2\/users\/1"}],"replies":[{"embeddable":true,"href":"https:\/\/jf-landkreis-vulkaneifel.de\/index.php?rest_route=%2Fwp%2Fv2%2Fcomments&post=162"}],"version-history":[{"count":10,"href":"https:\/\/jf-landkreis-vulkaneifel.de\/index.php?rest_route=\/wp\/v2\/pages\/162\/revisions"}],"predecessor-version":[{"id":2190,"href":"https:\/\/jf-landkreis-vulkaneifel.de\/index.php?rest_route=\/wp\/v2\/pages\/162\/revisions\/2190"}],"up":[{"embeddable":true,"href":"https:\/\/jf-landkreis-vulkaneifel.de\/index.php?rest_route=\/wp\/v2\/pages\/49"}],"wp:attachment":[{"href":"https:\/\/jf-landkreis-vulkaneifel.de\/index.php?rest_route=%2Fwp%2Fv2%2Fmedia&parent=162"}],"curies":[{"name":"wp","href":"https:\/\/api.w.org\/{rel}","templated":true}]}}

<p>Die Jugendfeuerwehr Kirchweiler wurde am 13.05.1983 gegründet.</p>
<p>Wir treffen uns <strong>alle 14 Tage mittwochs</strong> um<strong> 17:30 Uhr</strong> am <strong>Feuerwehrhaus </strong>in<strong> Kirchweiler</strong> zur gemeinsamen Gruppenstunde.</p>
<p>Neben der Beschäftigung mit feuerwehrtechnischen Themen werden auch regelmäßig verschiedene Freizeitaktivitäten oder Aktivitäten im Dorf unternommen.</p>
<div id="attachment_2189" style="width: 1034px" class="wp-caption alignnone"><img loading="lazy" decoding="async" aria-describedby="caption-attachment-2189" class="wp-image-2189 size-medium" src="https://jf-landkreis-vulkaneifel.de/wp-content/uploads/2024/02/Gruppenfoto_JF_Kirchweiler_2024-1024x768.jpg" alt="Gruppenfoto Jugendfeuerwehr Kirchweiler" width="1024" height="768" srcset="https://jf-landkreis-vulkaneifel.de/wp-content/uploads/2024/02/Gruppenfoto_JF_Kirchweiler_2024-1024x768.jpg 1024w, https://jf-landkreis-vulkaneifel.de/wp-content/uploads/2024/02/Gruppenfoto_JF_Kirchweiler_2024-1280x960.jpg 1280w, https://jf-landkreis-vulkaneifel.de/wp-content/uploads/2024/02/Gruppenfoto_JF_Kirchweiler_2024-550x413.jpg 550w, https://jf-landkreis-vulkaneifel.de/wp-content/uploads/2024/02/Gruppenfoto_JF_Kirchweiler_2024-768x576.jpg 768w, https://jf-landkreis-vulkaneifel.de/wp-content/uploads/2024/02/Gruppenfoto_JF_Kirchweiler_2024-1536x1152.jpg 1536w, https://jf-landkreis-vulkaneifel.de/wp-content/uploads/2024/02/Gruppenfoto_JF_Kirchweiler_2024-624x468.jpg 624w, https://jf-landkreis-vulkaneifel.de/wp-content/uploads/2024/02/Gruppenfoto_JF_Kirchweiler_2024.jpg 1600w" sizes="auto, (max-width: 1024px) 100vw, 1024px" /><p id="caption-attachment-2189" class="wp-caption-text">Gruppenfoto Jugendfeuerwehr Kirchweiler</p></div>
<p><b>Kontakt</b></p>
<p>Jugendfeuerwehrwart<br />
Martin Michels<br />
Hauptstr. 52<br />
54570 Kirchweiler<br />
Telefon: 06595 / 2589049</p>

<p>Die Jugendfeuerwehr Kirchweiler wurde am 13.05.1983 gegründet. Wir treffen uns alle 14 Tage mittwochs um 17:30 Uhr am Feuerwehrhaus in Kirchweiler zur gemeinsamen Gruppenstunde. Neben der Beschäftigung mit feuerwehrtechnischen Themen werden auch regelmäßig verschiedene Freizeitaktivitäten oder Aktivitäten im Dorf unternommen. Kontakt Jugendfeuerwehrwart Martin Michels Hauptstr. 52 54570 Kirchweiler Telefon: 06595 / 2589049</p>
