{"id":170,"date":"2013-03-03T17:29:28","date_gmt":"2013-03-03T16:29:28","guid":{"rendered":"http:\/\/jf-landkreis-vulkaneifel.de\/?page_id=170"},"modified":"2020-12-14T19:42:26","modified_gmt":"2020-12-14T17:42:26","slug":"jugendfeuerwehr-neroth","status":"publish","type":"page","link":"https:\/\/jf-landkreis-vulkaneifel.de\/?page_id=170","title":{"rendered":"Jugendfeuerwehr Neroth"},"content":{"rendered":"<p>Die Jugendfeuerwehr Neroth wurde am 05.02.1983 gegr\u00fcndet.<\/p>\n<p>Wir treffen uns <strong>14-t\u00e4gig Mittwochs<\/strong> um<strong> 18:00 Uhr<\/strong><br \/>\nam <strong>Feuerwehrger\u00e4tehaus <\/strong>in<strong> Neroth<\/strong> zur gemeinsamen Gruppenstunde.<\/p>\n<p>Neben der Besch\u00e4ftigung mit feuerwehrtechnischen Themen werden auch<br \/>\nregelm\u00e4\u00dfig verschiedene Freizeitaktivit\u00e4ten oder Aktivit\u00e4ten im Dorf unternommen.<\/p>\n<div id=\"attachment_1977\" style=\"width: 1034px\" class=\"wp-caption alignnone\"><img loading=\"lazy\" decoding=\"async\" aria-describedby=\"caption-attachment-1977\" class=\"wp-image-1977 size-medium\" src=\"https:\/\/jf-landkreis-vulkaneifel.de\/wp-content\/uploads\/2020\/12\/photo_2020-12-14_18-35-53-1-1024x683.jpg\" alt=\"M\u00e4dchen &amp; Jungen der JF Neroth\" width=\"1024\" height=\"683\" srcset=\"https:\/\/jf-landkreis-vulkaneifel.de\/wp-content\/uploads\/2020\/12\/photo_2020-12-14_18-35-53-1.jpg 1024w, https:\/\/jf-landkreis-vulkaneifel.de\/wp-content\/uploads\/2020\/12\/photo_2020-12-14_18-35-53-1-550x367.jpg 550w, https:\/\/jf-landkreis-vulkaneifel.de\/wp-content\/uploads\/2020\/12\/photo_2020-12-14_18-35-53-1-768x512.jpg 768w, https:\/\/jf-landkreis-vulkaneifel.de\/wp-content\/uploads\/2020\/12\/photo_2020-12-14_18-35-53-1-624x416.jpg 624w\" sizes=\"auto, (max-width: 1024px) 100vw, 1024px\" \/><p id=\"caption-attachment-1977\" class=\"wp-caption-text\">Jugendfeuerwehrmitglieder der JFw Neroth2020<\/p><\/div>\n<p><b>Kontakt<\/b><\/p>\n<p>Jugendfeuerwehrwart<br \/>\nSimone Wiesner<br \/>\nHauptstrasse 36<br \/>\n54570 Neroth<br \/>\nTelefon: 06591 \/ 984443<br \/>\nEmail: jfw-neroth@feuerwehr-vg-gerolstein.de<\/p>\n","protected":false},"excerpt":{"rendered":"<p>Die Jugendfeuerwehr Neroth wurde am 05.02.1983 gegr\u00fcndet. Wir treffen uns 14-t\u00e4gig Mittwochs um 18:00 Uhr am Feuerwehrger\u00e4tehaus in Neroth zur gemeinsamen Gruppenstunde. Neben der Besch\u00e4ftigung mit feuerwehrtechnischen Themen werden auch regelm\u00e4\u00dfig verschiedene Freizeitaktivit\u00e4ten oder Aktivit\u00e4ten im Dorf unternommen. Kontakt Jugendfeuerwehrwart Simone Wiesner Hauptstrasse 36 54570 Neroth Telefon: 06591 \/ 984443 Email: jfw-neroth@feuerwehr-vg-gerolstein.de<\/p>\n","protected":false},"author":1,"featured_media":0,"parent":49,"menu_order":0,"comment_status":"closed","ping_status":"open","template":"","meta":{"footnotes":""},"class_list":["post-170","page","type-page","status-publish","hentry"],"_links":{"self":[{"href":"https:\/\/jf-landkreis-vulkaneifel.de\/index.php?rest_route=\/wp\/v2\/pages\/170","targetHints":{"allow":["GET"]}}],"collection":[{"href":"https:\/\/jf-landkreis-vulkaneifel.de\/index.php?rest_route=\/wp\/v2\/pages"}],"about":[{"href":"https:\/\/jf-landkreis-vulkaneifel.de\/index.php?rest_route=\/wp\/v2\/types\/page"}],"author":[{"embeddable":true,"href":"https:\/\/jf-landkreis-vulkaneifel.de\/index.php?rest_route=\/wp\/v2\/users\/1"}],"replies":[{"embeddable":true,"href":"https:\/\/jf-landkreis-vulkaneifel.de\/index.php?rest_route=%2Fwp%2Fv2%2Fcomments&post=170"}],"version-history":[{"count":9,"href":"https:\/\/jf-landkreis-vulkaneifel.de\/index.php?rest_route=\/wp\/v2\/pages\/170\/revisions"}],"predecessor-version":[{"id":1973,"href":"https:\/\/jf-landkreis-vulkaneifel.de\/index.php?rest_route=\/wp\/v2\/pages\/170\/revisions\/1973"}],"up":[{"embeddable":true,"href":"https:\/\/jf-landkreis-vulkaneifel.de\/index.php?rest_route=\/wp\/v2\/pages\/49"}],"wp:attachment":[{"href":"https:\/\/jf-landkreis-vulkaneifel.de\/index.php?rest_route=%2Fwp%2Fv2%2Fmedia&parent=170"}],"curies":[{"name":"wp","href":"https:\/\/api.w.org\/{rel}","templated":true}]}}

<p>Die Jugendfeuerwehr Neroth wurde am 05.02.1983 gegründet.</p>
<p>Wir treffen uns <strong>14-tägig Mittwochs</strong> um<strong> 18:00 Uhr</strong><br />
am <strong>Feuerwehrgerätehaus </strong>in<strong> Neroth</strong> zur gemeinsamen Gruppenstunde.</p>
<p>Neben der Beschäftigung mit feuerwehrtechnischen Themen werden auch<br />
regelmäßig verschiedene Freizeitaktivitäten oder Aktivitäten im Dorf unternommen.</p>
<div id="attachment_1977" style="width: 1034px" class="wp-caption alignnone"><img loading="lazy" decoding="async" aria-describedby="caption-attachment-1977" class="wp-image-1977 size-medium" src="https://jf-landkreis-vulkaneifel.de/wp-content/uploads/2020/12/photo_2020-12-14_18-35-53-1-1024x683.jpg" alt="Mädchen &amp; Jungen der JF Neroth" width="1024" height="683" srcset="https://jf-landkreis-vulkaneifel.de/wp-content/uploads/2020/12/photo_2020-12-14_18-35-53-1.jpg 1024w, https://jf-landkreis-vulkaneifel.de/wp-content/uploads/2020/12/photo_2020-12-14_18-35-53-1-550x367.jpg 550w, https://jf-landkreis-vulkaneifel.de/wp-content/uploads/2020/12/photo_2020-12-14_18-35-53-1-768x512.jpg 768w, https://jf-landkreis-vulkaneifel.de/wp-content/uploads/2020/12/photo_2020-12-14_18-35-53-1-624x416.jpg 624w" sizes="auto, (max-width: 1024px) 100vw, 1024px" /><p id="caption-attachment-1977" class="wp-caption-text">Jugendfeuerwehrmitglieder der JFw Neroth2020</p></div>
<p><b>Kontakt</b></p>
<p>Jugendfeuerwehrwart<br />
Simone Wiesner<br />
Hauptstrasse 36<br />
54570 Neroth<br />
Telefon: 06591 / 984443<br />
Email: jfw-neroth@feuerwehr-vg-gerolstein.de</p>

<p>Die Jugendfeuerwehr Neroth wurde am 05.02.1983 gegründet. Wir treffen uns 14-tägig Mittwochs um 18:00 Uhr am Feuerwehrgerätehaus in Neroth zur gemeinsamen Gruppenstunde. Neben der Beschäftigung mit feuerwehrtechnischen Themen werden auch regelmäßig verschiedene Freizeitaktivitäten oder Aktivitäten im Dorf unternommen. Kontakt Jugendfeuerwehrwart Simone Wiesner Hauptstrasse 36 54570 Neroth Telefon: 06591 / 984443 Email: jfw-neroth@feuerwehr-vg-gerolstein.de</p>
