{"id":174,"date":"2013-03-03T17:30:10","date_gmt":"2013-03-03T16:30:10","guid":{"rendered":"http:\/\/jf-landkreis-vulkaneifel.de\/?page_id=174"},"modified":"2020-12-14T18:47:35","modified_gmt":"2020-12-14T16:47:35","slug":"jugendfeuerwehr-pelm","status":"publish","type":"page","link":"https:\/\/jf-landkreis-vulkaneifel.de\/?page_id=174","title":{"rendered":"Jugendfeuerwehr Pelm"},"content":{"rendered":"<p>Die Jugendfeuerwehr Pelm wurde am 15.11.1996 gegr\u00fcndet.<\/p>\n<p>Wir treffen uns jeden <strong>1ten Montag im Monat<\/strong> um<strong> 18:00 Uhr<\/strong><br \/>\nam <strong>Feuerwehrger\u00e4tehaus <\/strong>in<strong> Pelm<\/strong> zur gemeinsamen Gruppenstunde.<\/p>\n<p>Neben der Besch\u00e4ftigung mit feuerwehrtechnischen Themen werden auch regelm\u00e4\u00dfig verschiedene Freizeitaktivit\u00e4ten wie Zeltlager, Martinsfeuer, Ausfl\u00fcge oder Aktivit\u00e4ten im Dorf unternommen.<\/p>\n<div id=\"attachment_546\" style=\"width: 1010px\" class=\"wp-caption alignnone\"><a href=\"https:\/\/jf-landkreis-vulkaneifel.de\/wp-content\/uploads\/2014\/03\/bild_pelm_gr.jpg\"><img loading=\"lazy\" decoding=\"async\" aria-describedby=\"caption-attachment-546\" class=\"size-full wp-image-546\" src=\"https:\/\/jf-landkreis-vulkaneifel.de\/wp-content\/uploads\/2014\/03\/bild_pelm_gr.jpg\" alt=\"Gruppenfoto Jugendfeuerwehr Pelm\" width=\"1000\" height=\"665\" srcset=\"https:\/\/jf-landkreis-vulkaneifel.de\/wp-content\/uploads\/2014\/03\/bild_pelm_gr.jpg 1000w, https:\/\/jf-landkreis-vulkaneifel.de\/wp-content\/uploads\/2014\/03\/bild_pelm_gr-550x365.jpg 550w, https:\/\/jf-landkreis-vulkaneifel.de\/wp-content\/uploads\/2014\/03\/bild_pelm_gr-624x414.jpg 624w\" sizes=\"auto, (max-width: 1000px) 100vw, 1000px\" \/><\/a><p id=\"caption-attachment-546\" class=\"wp-caption-text\">Gruppenfoto Jugendfeuerwehr Pelm<\/p><\/div>\n<p><b>Kontakt<\/b><\/p>\n<p>Jugendfeuerwehrwart<br \/>\nPascal Schmitz<br \/>\nStudentenring 15<br \/>\n54570 Pelm<\/p>\n<p>Telefon: 0160 \/ 1825567<br \/>\nEmail: Pasi-bscberlin@web.de<\/p>\n","protected":false},"excerpt":{"rendered":"<p>Die Jugendfeuerwehr Pelm wurde am 15.11.1996 gegr\u00fcndet. Wir treffen uns jeden 1ten Montag im Monat um 18:00 Uhr am Feuerwehrger\u00e4tehaus in Pelm zur gemeinsamen Gruppenstunde. Neben der Besch\u00e4ftigung mit feuerwehrtechnischen Themen werden auch regelm\u00e4\u00dfig verschiedene Freizeitaktivit\u00e4ten wie Zeltlager, Martinsfeuer, Ausfl\u00fcge oder Aktivit\u00e4ten im Dorf unternommen. Kontakt Jugendfeuerwehrwart Pascal Schmitz Studentenring 15 54570 Pelm Telefon: 0160 [&hellip;]<\/p>\n","protected":false},"author":1,"featured_media":0,"parent":49,"menu_order":0,"comment_status":"closed","ping_status":"open","template":"","meta":{"footnotes":""},"class_list":["post-174","page","type-page","status-publish","hentry"],"_links":{"self":[{"href":"https:\/\/jf-landkreis-vulkaneifel.de\/index.php?rest_route=\/wp\/v2\/pages\/174","targetHints":{"allow":["GET"]}}],"collection":[{"href":"https:\/\/jf-landkreis-vulkaneifel.de\/index.php?rest_route=\/wp\/v2\/pages"}],"about":[{"href":"https:\/\/jf-landkreis-vulkaneifel.de\/index.php?rest_route=\/wp\/v2\/types\/page"}],"author":[{"embeddable":true,"href":"https:\/\/jf-landkreis-vulkaneifel.de\/index.php?rest_route=\/wp\/v2\/users\/1"}],"replies":[{"embeddable":true,"href":"https:\/\/jf-landkreis-vulkaneifel.de\/index.php?rest_route=%2Fwp%2Fv2%2Fcomments&post=174"}],"version-history":[{"count":8,"href":"https:\/\/jf-landkreis-vulkaneifel.de\/index.php?rest_route=\/wp\/v2\/pages\/174\/revisions"}],"predecessor-version":[{"id":1970,"href":"https:\/\/jf-landkreis-vulkaneifel.de\/index.php?rest_route=\/wp\/v2\/pages\/174\/revisions\/1970"}],"up":[{"embeddable":true,"href":"https:\/\/jf-landkreis-vulkaneifel.de\/index.php?rest_route=\/wp\/v2\/pages\/49"}],"wp:attachment":[{"href":"https:\/\/jf-landkreis-vulkaneifel.de\/index.php?rest_route=%2Fwp%2Fv2%2Fmedia&parent=174"}],"curies":[{"name":"wp","href":"https:\/\/api.w.org\/{rel}","templated":true}]}}

<p>Die Jugendfeuerwehr Pelm wurde am 15.11.1996 gegründet.</p>
<p>Wir treffen uns jeden <strong>1ten Montag im Monat</strong> um<strong> 18:00 Uhr</strong><br />
am <strong>Feuerwehrgerätehaus </strong>in<strong> Pelm</strong> zur gemeinsamen Gruppenstunde.</p>
<p>Neben der Beschäftigung mit feuerwehrtechnischen Themen werden auch regelmäßig verschiedene Freizeitaktivitäten wie Zeltlager, Martinsfeuer, Ausflüge oder Aktivitäten im Dorf unternommen.</p>
<div id="attachment_546" style="width: 1010px" class="wp-caption alignnone"><a href="https://jf-landkreis-vulkaneifel.de/wp-content/uploads/2014/03/bild_pelm_gr.jpg"><img loading="lazy" decoding="async" aria-describedby="caption-attachment-546" class="size-full wp-image-546" src="https://jf-landkreis-vulkaneifel.de/wp-content/uploads/2014/03/bild_pelm_gr.jpg" alt="Gruppenfoto Jugendfeuerwehr Pelm" width="1000" height="665" srcset="https://jf-landkreis-vulkaneifel.de/wp-content/uploads/2014/03/bild_pelm_gr.jpg 1000w, https://jf-landkreis-vulkaneifel.de/wp-content/uploads/2014/03/bild_pelm_gr-550x365.jpg 550w, https://jf-landkreis-vulkaneifel.de/wp-content/uploads/2014/03/bild_pelm_gr-624x414.jpg 624w" sizes="auto, (max-width: 1000px) 100vw, 1000px" /></a><p id="caption-attachment-546" class="wp-caption-text">Gruppenfoto Jugendfeuerwehr Pelm</p></div>
<p><b>Kontakt</b></p>
<p>Jugendfeuerwehrwart<br />
Pascal Schmitz<br />
Studentenring 15<br />
54570 Pelm</p>
<p>Telefon: 0160 / 1825567<br />
Email: Pasi-bscberlin@web.de</p>

<p>Die Jugendfeuerwehr Pelm wurde am 15.11.1996 gegründet. Wir treffen uns jeden 1ten Montag im Monat um 18:00 Uhr am Feuerwehrgerätehaus in Pelm zur gemeinsamen Gruppenstunde. Neben der Beschäftigung mit feuerwehrtechnischen Themen werden auch regelmäßig verschiedene Freizeitaktivitäten wie Zeltlager, Martinsfeuer, Ausflüge oder Aktivitäten im Dorf unternommen. Kontakt Jugendfeuerwehrwart Pascal Schmitz Studentenring 15 54570 Pelm Telefon: 0160 [&hellip;]</p>
