{"id":176,"date":"2013-03-03T17:30:34","date_gmt":"2013-03-03T16:30:34","guid":{"rendered":"http:\/\/jf-landkreis-vulkaneifel.de\/?page_id=176"},"modified":"2020-12-14T18:37:22","modified_gmt":"2020-12-14T16:37:22","slug":"jugendfeuerwehr-putzbachtal","status":"publish","type":"page","link":"https:\/\/jf-landkreis-vulkaneifel.de\/?page_id=176","title":{"rendered":"Jugendfeuerwehr P\u00fctzbachtal"},"content":{"rendered":"<p>Die Jugendfeuerwehr P\u00fctzbachtal wurde am 09.11.2004 gegr\u00fcndet.<\/p>\n<p>Wir treffen uns <strong>alle 3 Wochen Mittwochs<\/strong> um <strong>17:45 Uhr<\/strong><br \/>\nzur gemeinsamen Gruppenstunde.<\/p>\n<p>Neben der Besch\u00e4ftigung mit feuerwehrtechnischen Themen werden auch regelm\u00e4\u00dfig verschiedene Freizeitaktivit\u00e4ten oder Aktivit\u00e4ten im Dorf unternommen.<\/p>\n<div id=\"attachment_550\" style=\"width: 510px\" class=\"wp-caption alignnone\"><a href=\"https:\/\/jf-landkreis-vulkaneifel.de\/wp-content\/uploads\/2014\/03\/bild_puetzborn_gr.jpg\"><img loading=\"lazy\" decoding=\"async\" aria-describedby=\"caption-attachment-550\" class=\"size-full wp-image-550\" src=\"https:\/\/jf-landkreis-vulkaneifel.de\/wp-content\/uploads\/2014\/03\/bild_puetzborn_gr.jpg\" alt=\"Gruppenfoto Jugendfeuerwehr P\u00fctzbachtal\" width=\"500\" height=\"375\" \/><\/a><p id=\"caption-attachment-550\" class=\"wp-caption-text\">Gruppenfoto Jugendfeuerwehr P\u00fctzbachtal<\/p><\/div>\n<p><b>Kontakt<\/b><\/p>\n<p>Jugendfeuerwehrwart<br \/>\nJakob Roos<\/p>\n<p>Telefon: 0151 \/ 11647561<br \/>\nEmail: jakob.u.susanne.roos@t-online.de<\/p>\n","protected":false},"excerpt":{"rendered":"<p>Die Jugendfeuerwehr P\u00fctzbachtal wurde am 09.11.2004 gegr\u00fcndet. Wir treffen uns alle 3 Wochen Mittwochs um 17:45 Uhr zur gemeinsamen Gruppenstunde. Neben der Besch\u00e4ftigung mit feuerwehrtechnischen Themen werden auch regelm\u00e4\u00dfig verschiedene Freizeitaktivit\u00e4ten oder Aktivit\u00e4ten im Dorf unternommen. Kontakt Jugendfeuerwehrwart Jakob Roos Telefon: 0151 \/ 11647561 Email: jakob.u.susanne.roos@t-online.de<\/p>\n","protected":false},"author":1,"featured_media":0,"parent":49,"menu_order":0,"comment_status":"closed","ping_status":"open","template":"","meta":{"footnotes":""},"class_list":["post-176","page","type-page","status-publish","hentry"],"_links":{"self":[{"href":"https:\/\/jf-landkreis-vulkaneifel.de\/index.php?rest_route=\/wp\/v2\/pages\/176","targetHints":{"allow":["GET"]}}],"collection":[{"href":"https:\/\/jf-landkreis-vulkaneifel.de\/index.php?rest_route=\/wp\/v2\/pages"}],"about":[{"href":"https:\/\/jf-landkreis-vulkaneifel.de\/index.php?rest_route=\/wp\/v2\/types\/page"}],"author":[{"embeddable":true,"href":"https:\/\/jf-landkreis-vulkaneifel.de\/index.php?rest_route=\/wp\/v2\/users\/1"}],"replies":[{"embeddable":true,"href":"https:\/\/jf-landkreis-vulkaneifel.de\/index.php?rest_route=%2Fwp%2Fv2%2Fcomments&post=176"}],"version-history":[{"count":9,"href":"https:\/\/jf-landkreis-vulkaneifel.de\/index.php?rest_route=\/wp\/v2\/pages\/176\/revisions"}],"predecessor-version":[{"id":1967,"href":"https:\/\/jf-landkreis-vulkaneifel.de\/index.php?rest_route=\/wp\/v2\/pages\/176\/revisions\/1967"}],"up":[{"embeddable":true,"href":"https:\/\/jf-landkreis-vulkaneifel.de\/index.php?rest_route=\/wp\/v2\/pages\/49"}],"wp:attachment":[{"href":"https:\/\/jf-landkreis-vulkaneifel.de\/index.php?rest_route=%2Fwp%2Fv2%2Fmedia&parent=176"}],"curies":[{"name":"wp","href":"https:\/\/api.w.org\/{rel}","templated":true}]}}

Jugendfeuerwehr Pützbachtal

<p>Die Jugendfeuerwehr Pützbachtal wurde am 09.11.2004 gegründet.</p>
<p>Wir treffen uns <strong>alle 3 Wochen Mittwochs</strong> um <strong>17:45 Uhr</strong><br />
zur gemeinsamen Gruppenstunde.</p>
<p>Neben der Beschäftigung mit feuerwehrtechnischen Themen werden auch regelmäßig verschiedene Freizeitaktivitäten oder Aktivitäten im Dorf unternommen.</p>
<div id="attachment_550" style="width: 510px" class="wp-caption alignnone"><a href="https://jf-landkreis-vulkaneifel.de/wp-content/uploads/2014/03/bild_puetzborn_gr.jpg"><img loading="lazy" decoding="async" aria-describedby="caption-attachment-550" class="size-full wp-image-550" src="https://jf-landkreis-vulkaneifel.de/wp-content/uploads/2014/03/bild_puetzborn_gr.jpg" alt="Gruppenfoto Jugendfeuerwehr Pützbachtal" width="500" height="375" /></a><p id="caption-attachment-550" class="wp-caption-text">Gruppenfoto Jugendfeuerwehr Pützbachtal</p></div>
<p><b>Kontakt</b></p>
<p>Jugendfeuerwehrwart<br />
Jakob Roos</p>
<p>Telefon: 0151 / 11647561<br />
Email: jakob.u.susanne.roos@t-online.de</p>

<p>Die Jugendfeuerwehr Pützbachtal wurde am 09.11.2004 gegründet. Wir treffen uns alle 3 Wochen Mittwochs um 17:45 Uhr zur gemeinsamen Gruppenstunde. Neben der Beschäftigung mit feuerwehrtechnischen Themen werden auch regelmäßig verschiedene Freizeitaktivitäten oder Aktivitäten im Dorf unternommen. Kontakt Jugendfeuerwehrwart Jakob Roos Telefon: 0151 / 11647561 Email: jakob.u.susanne.roos@t-online.de</p>
