{"id":178,"date":"2013-03-03T17:30:56","date_gmt":"2013-03-03T16:30:56","guid":{"rendered":"http:\/\/jf-landkreis-vulkaneifel.de\/?page_id=178"},"modified":"2020-12-14T18:26:25","modified_gmt":"2020-12-14T16:26:25","slug":"jugendfeuerwehr-retterath","status":"publish","type":"page","link":"https:\/\/jf-landkreis-vulkaneifel.de\/?page_id=178","title":{"rendered":"Jugendfeuerwehr Retterath"},"content":{"rendered":"<p>Die Jugendfeuerwehr Retterath wurde am 20.10.2000 gegr\u00fcndet.<\/p>\n<p>Wir treffen uns <strong>14-t\u00e4gig Donnerstags<\/strong> um<strong> 18:00 Uhr<\/strong> am <strong>Feuerwehrger\u00e4tehaus <\/strong>in<strong> Retterath<\/strong> zur gemeinsamen Gruppenstunde.<\/p>\n<p>Neben der Besch\u00e4ftigung mit feuerwehrtechnischen Themen werden auch regelm\u00e4\u00dfig verschiedene Freizeitaktivit\u00e4ten wie Zeltlager, Kuchenverkauf an Vatertag oder Aktivit\u00e4ten im Dorf unternommen.<\/p>\n<div id=\"attachment_556\" style=\"width: 510px\" class=\"wp-caption alignnone\"><a href=\"https:\/\/jf-landkreis-vulkaneifel.de\/wp-content\/uploads\/2014\/03\/bild_retterath_gr.jpg\"><img loading=\"lazy\" decoding=\"async\" aria-describedby=\"caption-attachment-556\" class=\"size-full wp-image-556\" src=\"https:\/\/jf-landkreis-vulkaneifel.de\/wp-content\/uploads\/2014\/03\/bild_retterath_gr.jpg\" alt=\"Gruppenfoto Jugendfeuerwehr Retterath\" width=\"500\" height=\"348\" \/><\/a><p id=\"caption-attachment-556\" class=\"wp-caption-text\">Gruppenfoto Jugendfeuerwehr Retterath<\/p><\/div>\n<p><b>Kontakt<\/b><\/p>\n<p>Jugendfeuerwehrwart<br \/>\nChristoph Kolligs<br \/>\nLindenstr. 2<br \/>\n56769 Rettaerath<br \/>\nTelefon: 0160 \/ 98037238<br \/>\nEmail: jf-retterath(at)jf-lk-vulkaneifel(dot)de<\/p>\n","protected":false},"excerpt":{"rendered":"<p>Die Jugendfeuerwehr Retterath wurde am 20.10.2000 gegr\u00fcndet. Wir treffen uns 14-t\u00e4gig Donnerstags um 18:00 Uhr am Feuerwehrger\u00e4tehaus in Retterath zur gemeinsamen Gruppenstunde. Neben der Besch\u00e4ftigung mit feuerwehrtechnischen Themen werden auch regelm\u00e4\u00dfig verschiedene Freizeitaktivit\u00e4ten wie Zeltlager, Kuchenverkauf an Vatertag oder Aktivit\u00e4ten im Dorf unternommen. Kontakt Jugendfeuerwehrwart Christoph Kolligs Lindenstr. 2 56769 Rettaerath Telefon: 0160 \/ 98037238 [&hellip;]<\/p>\n","protected":false},"author":1,"featured_media":0,"parent":49,"menu_order":0,"comment_status":"closed","ping_status":"open","template":"","meta":{"footnotes":""},"class_list":["post-178","page","type-page","status-publish","hentry"],"_links":{"self":[{"href":"https:\/\/jf-landkreis-vulkaneifel.de\/index.php?rest_route=\/wp\/v2\/pages\/178","targetHints":{"allow":["GET"]}}],"collection":[{"href":"https:\/\/jf-landkreis-vulkaneifel.de\/index.php?rest_route=\/wp\/v2\/pages"}],"about":[{"href":"https:\/\/jf-landkreis-vulkaneifel.de\/index.php?rest_route=\/wp\/v2\/types\/page"}],"author":[{"embeddable":true,"href":"https:\/\/jf-landkreis-vulkaneifel.de\/index.php?rest_route=\/wp\/v2\/users\/1"}],"replies":[{"embeddable":true,"href":"https:\/\/jf-landkreis-vulkaneifel.de\/index.php?rest_route=%2Fwp%2Fv2%2Fcomments&post=178"}],"version-history":[{"count":7,"href":"https:\/\/jf-landkreis-vulkaneifel.de\/index.php?rest_route=\/wp\/v2\/pages\/178\/revisions"}],"predecessor-version":[{"id":1966,"href":"https:\/\/jf-landkreis-vulkaneifel.de\/index.php?rest_route=\/wp\/v2\/pages\/178\/revisions\/1966"}],"up":[{"embeddable":true,"href":"https:\/\/jf-landkreis-vulkaneifel.de\/index.php?rest_route=\/wp\/v2\/pages\/49"}],"wp:attachment":[{"href":"https:\/\/jf-landkreis-vulkaneifel.de\/index.php?rest_route=%2Fwp%2Fv2%2Fmedia&parent=178"}],"curies":[{"name":"wp","href":"https:\/\/api.w.org\/{rel}","templated":true}]}}

<p>Die Jugendfeuerwehr Retterath wurde am 20.10.2000 gegründet.</p>
<p>Wir treffen uns <strong>14-tägig Donnerstags</strong> um<strong> 18:00 Uhr</strong> am <strong>Feuerwehrgerätehaus </strong>in<strong> Retterath</strong> zur gemeinsamen Gruppenstunde.</p>
<p>Neben der Beschäftigung mit feuerwehrtechnischen Themen werden auch regelmäßig verschiedene Freizeitaktivitäten wie Zeltlager, Kuchenverkauf an Vatertag oder Aktivitäten im Dorf unternommen.</p>
<div id="attachment_556" style="width: 510px" class="wp-caption alignnone"><a href="https://jf-landkreis-vulkaneifel.de/wp-content/uploads/2014/03/bild_retterath_gr.jpg"><img loading="lazy" decoding="async" aria-describedby="caption-attachment-556" class="size-full wp-image-556" src="https://jf-landkreis-vulkaneifel.de/wp-content/uploads/2014/03/bild_retterath_gr.jpg" alt="Gruppenfoto Jugendfeuerwehr Retterath" width="500" height="348" /></a><p id="caption-attachment-556" class="wp-caption-text">Gruppenfoto Jugendfeuerwehr Retterath</p></div>
<p><b>Kontakt</b></p>
<p>Jugendfeuerwehrwart<br />
Christoph Kolligs<br />
Lindenstr. 2<br />
56769 Rettaerath<br />
Telefon: 0160 / 98037238<br />
Email: jf-retterath(at)jf-lk-vulkaneifel(dot)de</p>

<p>Die Jugendfeuerwehr Retterath wurde am 20.10.2000 gegründet. Wir treffen uns 14-tägig Donnerstags um 18:00 Uhr am Feuerwehrgerätehaus in Retterath zur gemeinsamen Gruppenstunde. Neben der Beschäftigung mit feuerwehrtechnischen Themen werden auch regelmäßig verschiedene Freizeitaktivitäten wie Zeltlager, Kuchenverkauf an Vatertag oder Aktivitäten im Dorf unternommen. Kontakt Jugendfeuerwehrwart Christoph Kolligs Lindenstr. 2 56769 Rettaerath Telefon: 0160 / 98037238 [&hellip;]</p>
