{"id":182,"date":"2013-03-03T17:31:35","date_gmt":"2013-03-03T16:31:35","guid":{"rendered":"http:\/\/jf-landkreis-vulkaneifel.de\/?page_id=182"},"modified":"2015-01-24T19:15:25","modified_gmt":"2015-01-24T17:15:25","slug":"jugendfeuerwehr-stadtkyll","status":"publish","type":"page","link":"https:\/\/jf-landkreis-vulkaneifel.de\/?page_id=182","title":{"rendered":"Jugendfeuerwehr Stadtkyll"},"content":{"rendered":"<p>Die Jugendfeuerwehr Stadtkyll wurde am 25.09.1998 gegr\u00fcndet.<\/p>\n<p>Wir treffen uns <strong>14-t\u00e4gig Montags<\/strong> um<strong> 18:00 Uhr<\/strong> am <strong>Feuerwehrger\u00e4tehaus <\/strong>in<strong> Stadtkyll<\/strong> zur gemeinsamen Gruppenstunde.<\/p>\n<p>Neben der Besch\u00e4ftigung mit feuerwehrtechnischen Themen werden auch regelm\u00e4\u00dfig verschiedene Freizeitaktivit\u00e4ten oder Aktivit\u00e4ten im Dorf unternommen.<\/p>\n<div id=\"attachment_562\" style=\"width: 510px\" class=\"wp-caption alignnone\"><a href=\"https:\/\/jf-landkreis-vulkaneifel.de\/wp-content\/uploads\/2014\/03\/bild_stadtkyll_gr.jpg\"><img loading=\"lazy\" decoding=\"async\" aria-describedby=\"caption-attachment-562\" class=\"size-full wp-image-562\" src=\"https:\/\/jf-landkreis-vulkaneifel.de\/wp-content\/uploads\/2014\/03\/bild_stadtkyll_gr.jpg\" alt=\"Gruppenfoto Jugendfeuerwehr Stadtkyll\" width=\"500\" height=\"334\" \/><\/a><p id=\"caption-attachment-562\" class=\"wp-caption-text\">Gruppenfoto Jugendfeuerwehr Stadtkyll<\/p><\/div>\n<p><b>Kontakt<\/b><\/p>\n<p>Jugendfeuerwehrwart<br \/>\nSascha Schmitz<br \/>\nHauptstrasse 3<br \/>\n54589 Stadtkyll<br \/>\nTelefon: 065 97 \/ 96 16 16<br \/>\nEmail: jf-stadtkyll(at)jf-lk-vulkaneifel(dot)de<br \/>\nInternetseite: <a title=\"Freiwillige Feuerwehr Stadtkyll\" href=\"http:\/\/www.feuerwehr-stadtkyll.de\/\" target=\"_blank\">www(dot)feuerwehr-stadtkyll(dot)de<\/a><\/p>\n","protected":false},"excerpt":{"rendered":"<p>Die Jugendfeuerwehr Stadtkyll wurde am 25.09.1998 gegr\u00fcndet. Wir treffen uns 14-t\u00e4gig Montags um 18:00 Uhr am Feuerwehrger\u00e4tehaus in Stadtkyll zur gemeinsamen Gruppenstunde. Neben der Besch\u00e4ftigung mit feuerwehrtechnischen Themen werden auch regelm\u00e4\u00dfig verschiedene Freizeitaktivit\u00e4ten oder Aktivit\u00e4ten im Dorf unternommen. Kontakt Jugendfeuerwehrwart Sascha Schmitz Hauptstrasse 3 54589 Stadtkyll Telefon: 065 97 \/ 96 16 16 Email: jf-stadtkyll(at)jf-lk-vulkaneifel(dot)de [&hellip;]<\/p>\n","protected":false},"author":1,"featured_media":0,"parent":49,"menu_order":0,"comment_status":"closed","ping_status":"open","template":"","meta":{"footnotes":""},"class_list":["post-182","page","type-page","status-publish","hentry"],"_links":{"self":[{"href":"https:\/\/jf-landkreis-vulkaneifel.de\/index.php?rest_route=\/wp\/v2\/pages\/182","targetHints":{"allow":["GET"]}}],"collection":[{"href":"https:\/\/jf-landkreis-vulkaneifel.de\/index.php?rest_route=\/wp\/v2\/pages"}],"about":[{"href":"https:\/\/jf-landkreis-vulkaneifel.de\/index.php?rest_route=\/wp\/v2\/types\/page"}],"author":[{"embeddable":true,"href":"https:\/\/jf-landkreis-vulkaneifel.de\/index.php?rest_route=\/wp\/v2\/users\/1"}],"replies":[{"embeddable":true,"href":"https:\/\/jf-landkreis-vulkaneifel.de\/index.php?rest_route=%2Fwp%2Fv2%2Fcomments&post=182"}],"version-history":[{"count":6,"href":"https:\/\/jf-landkreis-vulkaneifel.de\/index.php?rest_route=\/wp\/v2\/pages\/182\/revisions"}],"predecessor-version":[{"id":814,"href":"https:\/\/jf-landkreis-vulkaneifel.de\/index.php?rest_route=\/wp\/v2\/pages\/182\/revisions\/814"}],"up":[{"embeddable":true,"href":"https:\/\/jf-landkreis-vulkaneifel.de\/index.php?rest_route=\/wp\/v2\/pages\/49"}],"wp:attachment":[{"href":"https:\/\/jf-landkreis-vulkaneifel.de\/index.php?rest_route=%2Fwp%2Fv2%2Fmedia&parent=182"}],"curies":[{"name":"wp","href":"https:\/\/api.w.org\/{rel}","templated":true}]}}

<p>Die Jugendfeuerwehr Stadtkyll wurde am 25.09.1998 gegründet.</p>
<p>Wir treffen uns <strong>14-tägig Montags</strong> um<strong> 18:00 Uhr</strong> am <strong>Feuerwehrgerätehaus </strong>in<strong> Stadtkyll</strong> zur gemeinsamen Gruppenstunde.</p>
<p>Neben der Beschäftigung mit feuerwehrtechnischen Themen werden auch regelmäßig verschiedene Freizeitaktivitäten oder Aktivitäten im Dorf unternommen.</p>
<div id="attachment_562" style="width: 510px" class="wp-caption alignnone"><a href="https://jf-landkreis-vulkaneifel.de/wp-content/uploads/2014/03/bild_stadtkyll_gr.jpg"><img loading="lazy" decoding="async" aria-describedby="caption-attachment-562" class="size-full wp-image-562" src="https://jf-landkreis-vulkaneifel.de/wp-content/uploads/2014/03/bild_stadtkyll_gr.jpg" alt="Gruppenfoto Jugendfeuerwehr Stadtkyll" width="500" height="334" /></a><p id="caption-attachment-562" class="wp-caption-text">Gruppenfoto Jugendfeuerwehr Stadtkyll</p></div>
<p><b>Kontakt</b></p>
<p>Jugendfeuerwehrwart<br />
Sascha Schmitz<br />
Hauptstrasse 3<br />
54589 Stadtkyll<br />
Telefon: 065 97 / 96 16 16<br />
Email: jf-stadtkyll(at)jf-lk-vulkaneifel(dot)de<br />
Internetseite: <a title="Freiwillige Feuerwehr Stadtkyll" href="http://www.feuerwehr-stadtkyll.de/" target="_blank">www(dot)feuerwehr-stadtkyll(dot)de</a></p>

<p>Die Jugendfeuerwehr Stadtkyll wurde am 25.09.1998 gegründet. Wir treffen uns 14-tägig Montags um 18:00 Uhr am Feuerwehrgerätehaus in Stadtkyll zur gemeinsamen Gruppenstunde. Neben der Beschäftigung mit feuerwehrtechnischen Themen werden auch regelmäßig verschiedene Freizeitaktivitäten oder Aktivitäten im Dorf unternommen. Kontakt Jugendfeuerwehrwart Sascha Schmitz Hauptstrasse 3 54589 Stadtkyll Telefon: 065 97 / 96 16 16 Email: jf-stadtkyll(at)jf-lk-vulkaneifel(dot)de [&hellip;]</p>
