{"id":192,"date":"2013-03-03T17:33:16","date_gmt":"2013-03-03T16:33:16","guid":{"rendered":"http:\/\/jf-landkreis-vulkaneifel.de\/?page_id=192"},"modified":"2020-12-17T21:18:03","modified_gmt":"2020-12-17T19:18:03","slug":"jugendfeuerwehr-uersfeld","status":"publish","type":"page","link":"https:\/\/jf-landkreis-vulkaneifel.de\/?page_id=192","title":{"rendered":"Jugendfeuerwehr Uersfeld"},"content":{"rendered":"<p>Die Jugendfeuerwehr Uersfeld wurde am 29.07.2011 gegr\u00fcndet.<\/p>\n<p>Wir treffen uns <strong>14-t\u00e4gig Freitags<\/strong> um<strong> 18:00 Uhr<\/strong> am <strong>Feuerwehrger\u00e4tehaus<br \/>\n<\/strong>in<strong> Uersfeld<\/strong> zur gemeinsamen Gruppenstunde.<\/p>\n<p>Neben der Besch\u00e4ftigung mit feuerwehrtechnischen Themen werden auch regelm\u00e4\u00dfig<br \/>\nverschiedene Freizeitaktivit\u00e4ten oder Aktivit\u00e4ten im Dorf unternommen.<\/p>\n<div id=\"attachment_699\" style=\"width: 560px\" class=\"wp-caption alignnone\"><a href=\"https:\/\/jf-landkreis-vulkaneifel.de\/wp-content\/uploads\/2014\/10\/14-10-19-Jugendflamme-Stufe-3-Muerlenbach-2.jpg\"><img loading=\"lazy\" decoding=\"async\" aria-describedby=\"caption-attachment-699\" class=\"size-thumbnail wp-image-699\" src=\"https:\/\/jf-landkreis-vulkaneifel.de\/wp-content\/uploads\/2014\/10\/14-10-19-Jugendflamme-Stufe-3-Muerlenbach-2-550x366.jpg\" alt=\"Jugendliche in Jugendfeuerwehruniform\" width=\"550\" height=\"366\" srcset=\"https:\/\/jf-landkreis-vulkaneifel.de\/wp-content\/uploads\/2014\/10\/14-10-19-Jugendflamme-Stufe-3-Muerlenbach-2-550x366.jpg 550w, https:\/\/jf-landkreis-vulkaneifel.de\/wp-content\/uploads\/2014\/10\/14-10-19-Jugendflamme-Stufe-3-Muerlenbach-2-624x416.jpg 624w, https:\/\/jf-landkreis-vulkaneifel.de\/wp-content\/uploads\/2014\/10\/14-10-19-Jugendflamme-Stufe-3-Muerlenbach-2.jpg 1024w\" sizes=\"auto, (max-width: 550px) 100vw, 550px\" \/><\/a><p id=\"caption-attachment-699\" class=\"wp-caption-text\">Jugendliche in Jugendfeuerwehruniform<\/p><\/div>\n<p><b>Kontakt<\/b><\/p>\n<p>Jugendfeuerwehrwart<br \/>\nThomas Radermacher<br \/>\nAuf der Heide 5<br \/>\n56767 Gunderath<br \/>\nTelefon: 0160 \/ 98920774<br \/>\nEmail: thomas.radermacher@online.de<\/p>\n","protected":false},"excerpt":{"rendered":"<p>Die Jugendfeuerwehr Uersfeld wurde am 29.07.2011 gegr\u00fcndet. Wir treffen uns 14-t\u00e4gig Freitags um 18:00 Uhr am Feuerwehrger\u00e4tehaus in Uersfeld zur gemeinsamen Gruppenstunde. Neben der Besch\u00e4ftigung mit feuerwehrtechnischen Themen werden auch regelm\u00e4\u00dfig verschiedene Freizeitaktivit\u00e4ten oder Aktivit\u00e4ten im Dorf unternommen. Kontakt Jugendfeuerwehrwart Thomas Radermacher Auf der Heide 5 56767 Gunderath Telefon: 0160 \/ 98920774 Email: thomas.radermacher@online.de<\/p>\n","protected":false},"author":1,"featured_media":0,"parent":49,"menu_order":0,"comment_status":"closed","ping_status":"open","template":"","meta":{"footnotes":""},"class_list":["post-192","page","type-page","status-publish","hentry"],"_links":{"self":[{"href":"https:\/\/jf-landkreis-vulkaneifel.de\/index.php?rest_route=\/wp\/v2\/pages\/192","targetHints":{"allow":["GET"]}}],"collection":[{"href":"https:\/\/jf-landkreis-vulkaneifel.de\/index.php?rest_route=\/wp\/v2\/pages"}],"about":[{"href":"https:\/\/jf-landkreis-vulkaneifel.de\/index.php?rest_route=\/wp\/v2\/types\/page"}],"author":[{"embeddable":true,"href":"https:\/\/jf-landkreis-vulkaneifel.de\/index.php?rest_route=\/wp\/v2\/users\/1"}],"replies":[{"embeddable":true,"href":"https:\/\/jf-landkreis-vulkaneifel.de\/index.php?rest_route=%2Fwp%2Fv2%2Fcomments&post=192"}],"version-history":[{"count":7,"href":"https:\/\/jf-landkreis-vulkaneifel.de\/index.php?rest_route=\/wp\/v2\/pages\/192\/revisions"}],"predecessor-version":[{"id":2013,"href":"https:\/\/jf-landkreis-vulkaneifel.de\/index.php?rest_route=\/wp\/v2\/pages\/192\/revisions\/2013"}],"up":[{"embeddable":true,"href":"https:\/\/jf-landkreis-vulkaneifel.de\/index.php?rest_route=\/wp\/v2\/pages\/49"}],"wp:attachment":[{"href":"https:\/\/jf-landkreis-vulkaneifel.de\/index.php?rest_route=%2Fwp%2Fv2%2Fmedia&parent=192"}],"curies":[{"name":"wp","href":"https:\/\/api.w.org\/{rel}","templated":true}]}}

<p>Die Jugendfeuerwehr Uersfeld wurde am 29.07.2011 gegründet.</p>
<p>Wir treffen uns <strong>14-tägig Freitags</strong> um<strong> 18:00 Uhr</strong> am <strong>Feuerwehrgerätehaus<br />
</strong>in<strong> Uersfeld</strong> zur gemeinsamen Gruppenstunde.</p>
<p>Neben der Beschäftigung mit feuerwehrtechnischen Themen werden auch regelmäßig<br />
verschiedene Freizeitaktivitäten oder Aktivitäten im Dorf unternommen.</p>
<div id="attachment_699" style="width: 560px" class="wp-caption alignnone"><a href="https://jf-landkreis-vulkaneifel.de/wp-content/uploads/2014/10/14-10-19-Jugendflamme-Stufe-3-Muerlenbach-2.jpg"><img loading="lazy" decoding="async" aria-describedby="caption-attachment-699" class="size-thumbnail wp-image-699" src="https://jf-landkreis-vulkaneifel.de/wp-content/uploads/2014/10/14-10-19-Jugendflamme-Stufe-3-Muerlenbach-2-550x366.jpg" alt="Jugendliche in Jugendfeuerwehruniform" width="550" height="366" srcset="https://jf-landkreis-vulkaneifel.de/wp-content/uploads/2014/10/14-10-19-Jugendflamme-Stufe-3-Muerlenbach-2-550x366.jpg 550w, https://jf-landkreis-vulkaneifel.de/wp-content/uploads/2014/10/14-10-19-Jugendflamme-Stufe-3-Muerlenbach-2-624x416.jpg 624w, https://jf-landkreis-vulkaneifel.de/wp-content/uploads/2014/10/14-10-19-Jugendflamme-Stufe-3-Muerlenbach-2.jpg 1024w" sizes="auto, (max-width: 550px) 100vw, 550px" /></a><p id="caption-attachment-699" class="wp-caption-text">Jugendliche in Jugendfeuerwehruniform</p></div>
<p><b>Kontakt</b></p>
<p>Jugendfeuerwehrwart<br />
Thomas Radermacher<br />
Auf der Heide 5<br />
56767 Gunderath<br />
Telefon: 0160 / 98920774<br />
Email: thomas.radermacher@online.de</p>

<p>Die Jugendfeuerwehr Uersfeld wurde am 29.07.2011 gegründet. Wir treffen uns 14-tägig Freitags um 18:00 Uhr am Feuerwehrgerätehaus in Uersfeld zur gemeinsamen Gruppenstunde. Neben der Beschäftigung mit feuerwehrtechnischen Themen werden auch regelmäßig verschiedene Freizeitaktivitäten oder Aktivitäten im Dorf unternommen. Kontakt Jugendfeuerwehrwart Thomas Radermacher Auf der Heide 5 56767 Gunderath Telefon: 0160 / 98920774 Email: thomas.radermacher@online.de</p>
