{"id":196,"date":"2013-03-03T17:33:51","date_gmt":"2013-03-03T16:33:51","guid":{"rendered":"http:\/\/jf-landkreis-vulkaneifel.de\/?page_id=196"},"modified":"2020-12-20T15:49:01","modified_gmt":"2020-12-20T13:49:01","slug":"jugendfeuerwehr-waldkonigen","status":"publish","type":"page","link":"https:\/\/jf-landkreis-vulkaneifel.de\/?page_id=196","title":{"rendered":"Jugendfeuerwehr Waldk\u00f6nigen"},"content":{"rendered":"<p>Die Jugendfeuerwehr Waldk\u00f6nigen wurde am 07.06.1997 gegr\u00fcndet.<\/p>\n<p>Wir treffen uns <strong>jeden Montag<\/strong> um<strong> 18:30 Uhr<\/strong> am <strong>Feuerwehrger\u00e4tehaus <\/strong>in<strong><br \/>\nWaldk\u00f6nigen<\/strong> zur gemeinsamen Gruppenstunde.<\/p>\n<p>Neben der Besch\u00e4ftigung mit feuerwehrtechnischen Themen werden auch regelm\u00e4\u00dfig verschiedene Freizeitaktivit\u00e4ten wie Videoabend, Spieleabend, 24-Stunden \u00dcbung mit \u00dcbernachtung, Grillen, Aufbau Martinsfeuer\u00a0 oder Aktivit\u00e4ten im Dorf unternommen.<\/p>\n<div id=\"attachment_847\" style=\"width: 560px\" class=\"wp-caption alignnone\"><a href=\"https:\/\/jf-landkreis-vulkaneifel.de\/wp-content\/uploads\/2015\/03\/JF-Vulkaneifel-Voelkerballturnier-2015-11.jpg\"><img loading=\"lazy\" decoding=\"async\" aria-describedby=\"caption-attachment-847\" class=\"wp-image-847 size-thumbnail\" src=\"https:\/\/jf-landkreis-vulkaneifel.de\/wp-content\/uploads\/2015\/03\/JF-Vulkaneifel-Voelkerballturnier-2015-11-550x367.jpg\" alt=\"JF Waldk\u00f6nigen Sieger V\u00f6lkerballturnier 2015\" width=\"550\" height=\"367\" srcset=\"https:\/\/jf-landkreis-vulkaneifel.de\/wp-content\/uploads\/2015\/03\/JF-Vulkaneifel-Voelkerballturnier-2015-11-550x367.jpg 550w, https:\/\/jf-landkreis-vulkaneifel.de\/wp-content\/uploads\/2015\/03\/JF-Vulkaneifel-Voelkerballturnier-2015-11.jpg 1024w, https:\/\/jf-landkreis-vulkaneifel.de\/wp-content\/uploads\/2015\/03\/JF-Vulkaneifel-Voelkerballturnier-2015-11-624x416.jpg 624w\" sizes=\"auto, (max-width: 550px) 100vw, 550px\" \/><\/a><p id=\"caption-attachment-847\" class=\"wp-caption-text\">JF Waldk\u00f6nigen Sieger V\u00f6lkerballturnier 2015<\/p><\/div>\n<p><b>Kontakt<\/b><\/p>\n<p>Jugendfeuerwehrwart<br \/>\nStefan Scholzen<br \/>\nZum Ernstberg 4<br \/>\n54550 Daun-Waldk\u00f6nigen<br \/>\nTelefon: 0160\/91292485<br \/>\nEmail: jf-waldkoenigen(at)jf-lk-vulkaneifel(dot)de<\/p>\n","protected":false},"excerpt":{"rendered":"<p>Die Jugendfeuerwehr Waldk\u00f6nigen wurde am 07.06.1997 gegr\u00fcndet. Wir treffen uns jeden Montag um 18:30 Uhr am Feuerwehrger\u00e4tehaus in Waldk\u00f6nigen zur gemeinsamen Gruppenstunde. Neben der Besch\u00e4ftigung mit feuerwehrtechnischen Themen werden auch regelm\u00e4\u00dfig verschiedene Freizeitaktivit\u00e4ten wie Videoabend, Spieleabend, 24-Stunden \u00dcbung mit \u00dcbernachtung, Grillen, Aufbau Martinsfeuer\u00a0 oder Aktivit\u00e4ten im Dorf unternommen. Kontakt Jugendfeuerwehrwart Stefan Scholzen Zum Ernstberg 4 [&hellip;]<\/p>\n","protected":false},"author":1,"featured_media":0,"parent":49,"menu_order":0,"comment_status":"closed","ping_status":"open","template":"","meta":{"footnotes":""},"class_list":["post-196","page","type-page","status-publish","hentry"],"_links":{"self":[{"href":"https:\/\/jf-landkreis-vulkaneifel.de\/index.php?rest_route=\/wp\/v2\/pages\/196","targetHints":{"allow":["GET"]}}],"collection":[{"href":"https:\/\/jf-landkreis-vulkaneifel.de\/index.php?rest_route=\/wp\/v2\/pages"}],"about":[{"href":"https:\/\/jf-landkreis-vulkaneifel.de\/index.php?rest_route=\/wp\/v2\/types\/page"}],"author":[{"embeddable":true,"href":"https:\/\/jf-landkreis-vulkaneifel.de\/index.php?rest_route=\/wp\/v2\/users\/1"}],"replies":[{"embeddable":true,"href":"https:\/\/jf-landkreis-vulkaneifel.de\/index.php?rest_route=%2Fwp%2Fv2%2Fcomments&post=196"}],"version-history":[{"count":9,"href":"https:\/\/jf-landkreis-vulkaneifel.de\/index.php?rest_route=\/wp\/v2\/pages\/196\/revisions"}],"predecessor-version":[{"id":2019,"href":"https:\/\/jf-landkreis-vulkaneifel.de\/index.php?rest_route=\/wp\/v2\/pages\/196\/revisions\/2019"}],"up":[{"embeddable":true,"href":"https:\/\/jf-landkreis-vulkaneifel.de\/index.php?rest_route=\/wp\/v2\/pages\/49"}],"wp:attachment":[{"href":"https:\/\/jf-landkreis-vulkaneifel.de\/index.php?rest_route=%2Fwp%2Fv2%2Fmedia&parent=196"}],"curies":[{"name":"wp","href":"https:\/\/api.w.org\/{rel}","templated":true}]}}

Jugendfeuerwehr Waldkönigen

<p>Die Jugendfeuerwehr Waldkönigen wurde am 07.06.1997 gegründet.</p>
<p>Wir treffen uns <strong>jeden Montag</strong> um<strong> 18:30 Uhr</strong> am <strong>Feuerwehrgerätehaus </strong>in<strong><br />
Waldkönigen</strong> zur gemeinsamen Gruppenstunde.</p>
<p>Neben der Beschäftigung mit feuerwehrtechnischen Themen werden auch regelmäßig verschiedene Freizeitaktivitäten wie Videoabend, Spieleabend, 24-Stunden Übung mit Übernachtung, Grillen, Aufbau Martinsfeuer  oder Aktivitäten im Dorf unternommen.</p>
<div id="attachment_847" style="width: 560px" class="wp-caption alignnone"><a href="https://jf-landkreis-vulkaneifel.de/wp-content/uploads/2015/03/JF-Vulkaneifel-Voelkerballturnier-2015-11.jpg"><img loading="lazy" decoding="async" aria-describedby="caption-attachment-847" class="wp-image-847 size-thumbnail" src="https://jf-landkreis-vulkaneifel.de/wp-content/uploads/2015/03/JF-Vulkaneifel-Voelkerballturnier-2015-11-550x367.jpg" alt="JF Waldkönigen Sieger Völkerballturnier 2015" width="550" height="367" srcset="https://jf-landkreis-vulkaneifel.de/wp-content/uploads/2015/03/JF-Vulkaneifel-Voelkerballturnier-2015-11-550x367.jpg 550w, https://jf-landkreis-vulkaneifel.de/wp-content/uploads/2015/03/JF-Vulkaneifel-Voelkerballturnier-2015-11.jpg 1024w, https://jf-landkreis-vulkaneifel.de/wp-content/uploads/2015/03/JF-Vulkaneifel-Voelkerballturnier-2015-11-624x416.jpg 624w" sizes="auto, (max-width: 550px) 100vw, 550px" /></a><p id="caption-attachment-847" class="wp-caption-text">JF Waldkönigen Sieger Völkerballturnier 2015</p></div>
<p><b>Kontakt</b></p>
<p>Jugendfeuerwehrwart<br />
Stefan Scholzen<br />
Zum Ernstberg 4<br />
54550 Daun-Waldkönigen<br />
Telefon: 0160/91292485<br />
Email: jf-waldkoenigen(at)jf-lk-vulkaneifel(dot)de</p>

<p>Die Jugendfeuerwehr Waldkönigen wurde am 07.06.1997 gegründet. Wir treffen uns jeden Montag um 18:30 Uhr am Feuerwehrgerätehaus in Waldkönigen zur gemeinsamen Gruppenstunde. Neben der Beschäftigung mit feuerwehrtechnischen Themen werden auch regelmäßig verschiedene Freizeitaktivitäten wie Videoabend, Spieleabend, 24-Stunden Übung mit Übernachtung, Grillen, Aufbau Martinsfeuer  oder Aktivitäten im Dorf unternommen. Kontakt Jugendfeuerwehrwart Stefan Scholzen Zum Ernstberg 4 [&hellip;]</p>
