{"id":720,"date":"2014-10-22T20:06:54","date_gmt":"2014-10-22T18:06:54","guid":{"rendered":"http:\/\/jf-landkreis-vulkaneifel.de\/?page_id=720"},"modified":"2015-09-09T20:49:22","modified_gmt":"2015-09-09T18:49:22","slug":"jugendflamme-stufe-3-in-muerlenbach-am-19-okt-2014","status":"publish","type":"page","link":"https:\/\/jf-landkreis-vulkaneifel.de\/?page_id=720","title":{"rendered":"Jugendflamme Stufe 3 in M\u00fcrlenbach am 19. Okt. 2014"},"content":{"rendered":"<p>Abnahme der Jugendflamme Stufe 3 am 19. Oktober 2014 in M\u00fcrlenbach.<\/p>\n<p>Die Jugendlichen aus den Jugendfeuewehren M\u00fcrlenbach und Gerolstein haben die geforderten \u00dcbungen aus dem Bereich Feuerwehrtechnik hervorragend gemeistert!<\/p>\n<p>Die 1. \u00dcbung hatte zur Aufgabe einen L\u00f6schangriff \u00fcber einen Wassergraben mit einer Leiter. Die 2. \u00dcbung war ein L\u00f6schangriff mit einem Schaumrohr.<\/p>\n\n\t\t<style type=\"text\/css\">\n\t\t\t#gallery-1 {\n\t\t\t\tmargin: auto;\n\t\t\t}\n\t\t\t#gallery-1 .gallery-item {\n\t\t\t\tfloat: left;\n\t\t\t\tmargin-top: 10px;\n\t\t\t\ttext-align: center;\n\t\t\t\twidth: 100%;\n\t\t\t}\n\t\t\t#gallery-1 img {\n\t\t\t\tborder: 2px solid #cfcfcf;\n\t\t\t}\n\t\t\t#gallery-1 .gallery-caption {\n\t\t\t\tmargin-left: 0;\n\t\t\t}\n\t\t\t\/* see gallery_shortcode() in wp-includes\/media.php *\/\n\t\t<\/style>\n\t\t<div id='gallery-1' class='gallery galleryid-720 gallery-columns-1 gallery-size-full'><dl class='gallery-item'>\n\t\t\t<dt class='gallery-icon landscape'>\n\t\t\t\t<img loading=\"lazy\" decoding=\"async\" width=\"1024\" height=\"683\" src=\"https:\/\/jf-landkreis-vulkaneifel.de\/wp-content\/uploads\/2014\/10\/14-10-19-Jugendflamme-Stufe-3-Muerlenbach-1.jpg\" class=\"attachment-full size-full\" alt=\"Bewertungsbogen\" aria-describedby=\"gallery-1-698\" srcset=\"https:\/\/jf-landkreis-vulkaneifel.de\/wp-content\/uploads\/2014\/10\/14-10-19-Jugendflamme-Stufe-3-Muerlenbach-1.jpg 1024w, https:\/\/jf-landkreis-vulkaneifel.de\/wp-content\/uploads\/2014\/10\/14-10-19-Jugendflamme-Stufe-3-Muerlenbach-1-550x366.jpg 550w, https:\/\/jf-landkreis-vulkaneifel.de\/wp-content\/uploads\/2014\/10\/14-10-19-Jugendflamme-Stufe-3-Muerlenbach-1-624x416.jpg 624w\" sizes=\"auto, (max-width: 1024px) 100vw, 1024px\" \/>\n\t\t\t<\/dt>\n\t\t\t\t<dd class='wp-caption-text gallery-caption' id='gallery-1-698'>\n\t\t\t\tBewertungsbogen\n\t\t\t\t<\/dd><\/dl><br style=\"clear: both\" \/><dl class='gallery-item'>\n\t\t\t<dt class='gallery-icon landscape'>\n\t\t\t\t<img loading=\"lazy\" decoding=\"async\" width=\"1024\" height=\"683\" src=\"https:\/\/jf-landkreis-vulkaneifel.de\/wp-content\/uploads\/2014\/10\/14-10-19-Jugendflamme-Stufe-3-Muerlenbach-2.jpg\" class=\"attachment-full size-full\" alt=\"Jugendliche in Jugendfeuerwehruniform\" aria-describedby=\"gallery-1-699\" srcset=\"https:\/\/jf-landkreis-vulkaneifel.de\/wp-content\/uploads\/2014\/10\/14-10-19-Jugendflamme-Stufe-3-Muerlenbach-2.jpg 1024w, https:\/\/jf-landkreis-vulkaneifel.de\/wp-content\/uploads\/2014\/10\/14-10-19-Jugendflamme-Stufe-3-Muerlenbach-2-550x366.jpg 550w, https:\/\/jf-landkreis-vulkaneifel.de\/wp-content\/uploads\/2014\/10\/14-10-19-Jugendflamme-Stufe-3-Muerlenbach-2-624x416.jpg 624w\" sizes=\"auto, (max-width: 1024px) 100vw, 1024px\" \/>\n\t\t\t<\/dt>\n\t\t\t\t<dd class='wp-caption-text gallery-caption' id='gallery-1-699'>\n\t\t\t\tJugendliche in Jugendfeuerwehruniform\n\t\t\t\t<\/dd><\/dl><br style=\"clear: both\" \/><dl class='gallery-item'>\n\t\t\t<dt class='gallery-icon landscape'>\n\t\t\t\t<img loading=\"lazy\" decoding=\"async\" width=\"1024\" height=\"683\" src=\"https:\/\/jf-landkreis-vulkaneifel.de\/wp-content\/uploads\/2014\/10\/14-10-19-Jugendflamme-Stufe-3-Muerlenbach-3.jpg\" class=\"attachment-full size-full\" alt=\"Sp\u00fclen des Standrohr am Hydrant\" aria-describedby=\"gallery-1-700\" srcset=\"https:\/\/jf-landkreis-vulkaneifel.de\/wp-content\/uploads\/2014\/10\/14-10-19-Jugendflamme-Stufe-3-Muerlenbach-3.jpg 1024w, https:\/\/jf-landkreis-vulkaneifel.de\/wp-content\/uploads\/2014\/10\/14-10-19-Jugendflamme-Stufe-3-Muerlenbach-3-550x366.jpg 550w, https:\/\/jf-landkreis-vulkaneifel.de\/wp-content\/uploads\/2014\/10\/14-10-19-Jugendflamme-Stufe-3-Muerlenbach-3-624x416.jpg 624w\" sizes=\"auto, (max-width: 1024px) 100vw, 1024px\" \/>\n\t\t\t<\/dt>\n\t\t\t\t<dd class='wp-caption-text gallery-caption' id='gallery-1-700'>\n\t\t\t\tSp\u00fclen des Standrohr am Hydrant\n\t\t\t\t<\/dd><\/dl><br style=\"clear: both\" \/><dl class='gallery-item'>\n\t\t\t<dt class='gallery-icon landscape'>\n\t\t\t\t<img loading=\"lazy\" decoding=\"async\" width=\"1024\" height=\"683\" src=\"https:\/\/jf-landkreis-vulkaneifel.de\/wp-content\/uploads\/2014\/10\/14-10-19-Jugendflamme-Stufe-3-Muerlenbach-16.jpg\" class=\"attachment-full size-full\" alt=\"Anschlu\u00df des Verteiler\" aria-describedby=\"gallery-1-713\" srcset=\"https:\/\/jf-landkreis-vulkaneifel.de\/wp-content\/uploads\/2014\/10\/14-10-19-Jugendflamme-Stufe-3-Muerlenbach-16.jpg 1024w, https:\/\/jf-landkreis-vulkaneifel.de\/wp-content\/uploads\/2014\/10\/14-10-19-Jugendflamme-Stufe-3-Muerlenbach-16-550x366.jpg 550w, https:\/\/jf-landkreis-vulkaneifel.de\/wp-content\/uploads\/2014\/10\/14-10-19-Jugendflamme-Stufe-3-Muerlenbach-16-624x416.jpg 624w\" sizes=\"auto, (max-width: 1024px) 100vw, 1024px\" \/>\n\t\t\t<\/dt>\n\t\t\t\t<dd class='wp-caption-text gallery-caption' id='gallery-1-713'>\n\t\t\t\tAnschlu\u00df des Verteiler\n\t\t\t\t<\/dd><\/dl><br style=\"clear: both\" \/><dl class='gallery-item'>\n\t\t\t<dt class='gallery-icon landscape'>\n\t\t\t\t<img loading=\"lazy\" decoding=\"async\" width=\"1024\" height=\"683\" src=\"https:\/\/jf-landkreis-vulkaneifel.de\/wp-content\/uploads\/2014\/10\/14-10-19-Jugendflamme-Stufe-3-Muerlenbach-15.jpg\" class=\"attachment-full size-full\" alt=\"Anschlu\u00df des Verteiler\" aria-describedby=\"gallery-1-712\" srcset=\"https:\/\/jf-landkreis-vulkaneifel.de\/wp-content\/uploads\/2014\/10\/14-10-19-Jugendflamme-Stufe-3-Muerlenbach-15.jpg 1024w, https:\/\/jf-landkreis-vulkaneifel.de\/wp-content\/uploads\/2014\/10\/14-10-19-Jugendflamme-Stufe-3-Muerlenbach-15-550x366.jpg 550w, https:\/\/jf-landkreis-vulkaneifel.de\/wp-content\/uploads\/2014\/10\/14-10-19-Jugendflamme-Stufe-3-Muerlenbach-15-624x416.jpg 624w\" sizes=\"auto, (max-width: 1024px) 100vw, 1024px\" \/>\n\t\t\t<\/dt>\n\t\t\t\t<dd class='wp-caption-text gallery-caption' id='gallery-1-712'>\n\t\t\t\tAnschlu\u00df des Verteiler\n\t\t\t\t<\/dd><\/dl><br style=\"clear: both\" \/><dl class='gallery-item'>\n\t\t\t<dt class='gallery-icon landscape'>\n\t\t\t\t<img loading=\"lazy\" decoding=\"async\" width=\"1024\" height=\"683\" src=\"https:\/\/jf-landkreis-vulkaneifel.de\/wp-content\/uploads\/2014\/10\/14-10-19-Jugendflamme-Stufe-3-Muerlenbach-14.jpg\" class=\"attachment-full size-full\" alt=\"Zumischer mit Schaummittel\" aria-describedby=\"gallery-1-711\" srcset=\"https:\/\/jf-landkreis-vulkaneifel.de\/wp-content\/uploads\/2014\/10\/14-10-19-Jugendflamme-Stufe-3-Muerlenbach-14.jpg 1024w, https:\/\/jf-landkreis-vulkaneifel.de\/wp-content\/uploads\/2014\/10\/14-10-19-Jugendflamme-Stufe-3-Muerlenbach-14-550x366.jpg 550w, https:\/\/jf-landkreis-vulkaneifel.de\/wp-content\/uploads\/2014\/10\/14-10-19-Jugendflamme-Stufe-3-Muerlenbach-14-624x416.jpg 624w\" sizes=\"auto, (max-width: 1024px) 100vw, 1024px\" \/>\n\t\t\t<\/dt>\n\t\t\t\t<dd class='wp-caption-text gallery-caption' id='gallery-1-711'>\n\t\t\t\tZumischer mit Schaummittel\n\t\t\t\t<\/dd><\/dl><br style=\"clear: both\" \/><dl class='gallery-item'>\n\t\t\t<dt class='gallery-icon landscape'>\n\t\t\t\t<img loading=\"lazy\" decoding=\"async\" width=\"1024\" height=\"683\" src=\"https:\/\/jf-landkreis-vulkaneifel.de\/wp-content\/uploads\/2014\/10\/14-10-19-Jugendflamme-Stufe-3-Muerlenbach-13.jpg\" class=\"attachment-full size-full\" alt=\"Ein Schlauch\" aria-describedby=\"gallery-1-710\" srcset=\"https:\/\/jf-landkreis-vulkaneifel.de\/wp-content\/uploads\/2014\/10\/14-10-19-Jugendflamme-Stufe-3-Muerlenbach-13.jpg 1024w, https:\/\/jf-landkreis-vulkaneifel.de\/wp-content\/uploads\/2014\/10\/14-10-19-Jugendflamme-Stufe-3-Muerlenbach-13-550x366.jpg 550w, https:\/\/jf-landkreis-vulkaneifel.de\/wp-content\/uploads\/2014\/10\/14-10-19-Jugendflamme-Stufe-3-Muerlenbach-13-624x416.jpg 624w\" sizes=\"auto, (max-width: 1024px) 100vw, 1024px\" \/>\n\t\t\t<\/dt>\n\t\t\t\t<dd class='wp-caption-text gallery-caption' id='gallery-1-710'>\n\t\t\t\tEin Schlauch\n\t\t\t\t<\/dd><\/dl><br style=\"clear: both\" \/><dl class='gallery-item'>\n\t\t\t<dt class='gallery-icon landscape'>\n\t\t\t\t<img loading=\"lazy\" decoding=\"async\" width=\"1024\" height=\"683\" src=\"https:\/\/jf-landkreis-vulkaneifel.de\/wp-content\/uploads\/2014\/10\/14-10-19-Jugendflamme-Stufe-3-Muerlenbach-4.jpg\" class=\"attachment-full size-full\" alt=\"Sicherung des Schlauch an der Leiter\" aria-describedby=\"gallery-1-701\" srcset=\"https:\/\/jf-landkreis-vulkaneifel.de\/wp-content\/uploads\/2014\/10\/14-10-19-Jugendflamme-Stufe-3-Muerlenbach-4.jpg 1024w, https:\/\/jf-landkreis-vulkaneifel.de\/wp-content\/uploads\/2014\/10\/14-10-19-Jugendflamme-Stufe-3-Muerlenbach-4-550x366.jpg 550w, https:\/\/jf-landkreis-vulkaneifel.de\/wp-content\/uploads\/2014\/10\/14-10-19-Jugendflamme-Stufe-3-Muerlenbach-4-624x416.jpg 624w\" sizes=\"auto, (max-width: 1024px) 100vw, 1024px\" \/>\n\t\t\t<\/dt>\n\t\t\t\t<dd class='wp-caption-text gallery-caption' id='gallery-1-701'>\n\t\t\t\tSicherung des Schlauch an der Leiter\n\t\t\t\t<\/dd><\/dl><br style=\"clear: both\" \/><dl class='gallery-item'>\n\t\t\t<dt class='gallery-icon landscape'>\n\t\t\t\t<img loading=\"lazy\" decoding=\"async\" width=\"1024\" height=\"683\" src=\"https:\/\/jf-landkreis-vulkaneifel.de\/wp-content\/uploads\/2014\/10\/14-10-19-Jugendflamme-Stufe-3-Muerlenbach-5.jpg\" class=\"attachment-full size-full\" alt=\"Sicherung des Schlauch an der Leiter\" aria-describedby=\"gallery-1-702\" srcset=\"https:\/\/jf-landkreis-vulkaneifel.de\/wp-content\/uploads\/2014\/10\/14-10-19-Jugendflamme-Stufe-3-Muerlenbach-5.jpg 1024w, https:\/\/jf-landkreis-vulkaneifel.de\/wp-content\/uploads\/2014\/10\/14-10-19-Jugendflamme-Stufe-3-Muerlenbach-5-550x366.jpg 550w, https:\/\/jf-landkreis-vulkaneifel.de\/wp-content\/uploads\/2014\/10\/14-10-19-Jugendflamme-Stufe-3-Muerlenbach-5-624x416.jpg 624w\" sizes=\"auto, (max-width: 1024px) 100vw, 1024px\" \/>\n\t\t\t<\/dt>\n\t\t\t\t<dd class='wp-caption-text gallery-caption' id='gallery-1-702'>\n\t\t\t\tSicherung des Schlauch an der Leiter\n\t\t\t\t<\/dd><\/dl><br style=\"clear: both\" \/><dl class='gallery-item'>\n\t\t\t<dt class='gallery-icon landscape'>\n\t\t\t\t<img loading=\"lazy\" decoding=\"async\" width=\"1024\" height=\"683\" src=\"https:\/\/jf-landkreis-vulkaneifel.de\/wp-content\/uploads\/2014\/10\/14-10-19-Jugendflamme-Stufe-3-Muerlenbach-6.jpg\" class=\"attachment-full size-full\" alt=\"Warten auf Befehle\" aria-describedby=\"gallery-1-703\" srcset=\"https:\/\/jf-landkreis-vulkaneifel.de\/wp-content\/uploads\/2014\/10\/14-10-19-Jugendflamme-Stufe-3-Muerlenbach-6.jpg 1024w, https:\/\/jf-landkreis-vulkaneifel.de\/wp-content\/uploads\/2014\/10\/14-10-19-Jugendflamme-Stufe-3-Muerlenbach-6-550x366.jpg 550w, https:\/\/jf-landkreis-vulkaneifel.de\/wp-content\/uploads\/2014\/10\/14-10-19-Jugendflamme-Stufe-3-Muerlenbach-6-624x416.jpg 624w\" sizes=\"auto, (max-width: 1024px) 100vw, 1024px\" \/>\n\t\t\t<\/dt>\n\t\t\t\t<dd class='wp-caption-text gallery-caption' id='gallery-1-703'>\n\t\t\t\tWarten auf Befehle\n\t\t\t\t<\/dd><\/dl><br style=\"clear: both\" \/><dl class='gallery-item'>\n\t\t\t<dt class='gallery-icon landscape'>\n\t\t\t\t<img loading=\"lazy\" decoding=\"async\" width=\"1024\" height=\"683\" src=\"https:\/\/jf-landkreis-vulkaneifel.de\/wp-content\/uploads\/2014\/10\/14-10-19-Jugendflamme-Stufe-3-Muerlenbach-11.jpg\" class=\"attachment-full size-full\" alt=\"Leiter mit Schlauch \u00fcber ein Wasserhinderniss legen\" aria-describedby=\"gallery-1-708\" srcset=\"https:\/\/jf-landkreis-vulkaneifel.de\/wp-content\/uploads\/2014\/10\/14-10-19-Jugendflamme-Stufe-3-Muerlenbach-11.jpg 1024w, https:\/\/jf-landkreis-vulkaneifel.de\/wp-content\/uploads\/2014\/10\/14-10-19-Jugendflamme-Stufe-3-Muerlenbach-11-550x366.jpg 550w, https:\/\/jf-landkreis-vulkaneifel.de\/wp-content\/uploads\/2014\/10\/14-10-19-Jugendflamme-Stufe-3-Muerlenbach-11-624x416.jpg 624w\" sizes=\"auto, (max-width: 1024px) 100vw, 1024px\" \/>\n\t\t\t<\/dt>\n\t\t\t\t<dd class='wp-caption-text gallery-caption' id='gallery-1-708'>\n\t\t\t\tLeiter mit Schlauch \u00fcber ein Wasserhinderniss legen \n\t\t\t\t<\/dd><\/dl><br style=\"clear: both\" \/><dl class='gallery-item'>\n\t\t\t<dt class='gallery-icon landscape'>\n\t\t\t\t<img loading=\"lazy\" decoding=\"async\" width=\"1024\" height=\"683\" src=\"https:\/\/jf-landkreis-vulkaneifel.de\/wp-content\/uploads\/2014\/10\/14-10-19-Jugendflamme-Stufe-3-Muerlenbach-7.jpg\" class=\"attachment-full size-full\" alt=\"Leiter mit Schlauch \u00fcber ein Wasserhinderniss legen\" aria-describedby=\"gallery-1-704\" srcset=\"https:\/\/jf-landkreis-vulkaneifel.de\/wp-content\/uploads\/2014\/10\/14-10-19-Jugendflamme-Stufe-3-Muerlenbach-7.jpg 1024w, https:\/\/jf-landkreis-vulkaneifel.de\/wp-content\/uploads\/2014\/10\/14-10-19-Jugendflamme-Stufe-3-Muerlenbach-7-550x366.jpg 550w, https:\/\/jf-landkreis-vulkaneifel.de\/wp-content\/uploads\/2014\/10\/14-10-19-Jugendflamme-Stufe-3-Muerlenbach-7-624x416.jpg 624w\" sizes=\"auto, (max-width: 1024px) 100vw, 1024px\" \/>\n\t\t\t<\/dt>\n\t\t\t\t<dd class='wp-caption-text gallery-caption' id='gallery-1-704'>\n\t\t\t\tLeiter mit Schlauch \u00fcber ein Wasserhinderniss legen \n\t\t\t\t<\/dd><\/dl><br style=\"clear: both\" \/><dl class='gallery-item'>\n\t\t\t<dt class='gallery-icon landscape'>\n\t\t\t\t<img loading=\"lazy\" decoding=\"async\" width=\"1024\" height=\"683\" src=\"https:\/\/jf-landkreis-vulkaneifel.de\/wp-content\/uploads\/2014\/10\/14-10-19-Jugendflamme-Stufe-3-Muerlenbach-8.jpg\" class=\"attachment-full size-full\" alt=\"Leiter mit Schlauch \u00fcber ein Wasserhinderniss legen\" aria-describedby=\"gallery-1-705\" srcset=\"https:\/\/jf-landkreis-vulkaneifel.de\/wp-content\/uploads\/2014\/10\/14-10-19-Jugendflamme-Stufe-3-Muerlenbach-8.jpg 1024w, https:\/\/jf-landkreis-vulkaneifel.de\/wp-content\/uploads\/2014\/10\/14-10-19-Jugendflamme-Stufe-3-Muerlenbach-8-550x366.jpg 550w, https:\/\/jf-landkreis-vulkaneifel.de\/wp-content\/uploads\/2014\/10\/14-10-19-Jugendflamme-Stufe-3-Muerlenbach-8-624x416.jpg 624w\" sizes=\"auto, (max-width: 1024px) 100vw, 1024px\" \/>\n\t\t\t<\/dt>\n\t\t\t\t<dd class='wp-caption-text gallery-caption' id='gallery-1-705'>\n\t\t\t\tLeiter mit Schlauch \u00fcber ein Wasserhinderniss legen \n\t\t\t\t<\/dd><\/dl><br style=\"clear: both\" \/><dl class='gallery-item'>\n\t\t\t<dt class='gallery-icon landscape'>\n\t\t\t\t<img loading=\"lazy\" decoding=\"async\" width=\"1024\" height=\"683\" src=\"https:\/\/jf-landkreis-vulkaneifel.de\/wp-content\/uploads\/2014\/10\/14-10-19-Jugendflamme-Stufe-3-Muerlenbach-10.jpg\" class=\"attachment-full size-full\" alt=\"Angriffstrupp mit C-Strahlrohr\" aria-describedby=\"gallery-1-707\" srcset=\"https:\/\/jf-landkreis-vulkaneifel.de\/wp-content\/uploads\/2014\/10\/14-10-19-Jugendflamme-Stufe-3-Muerlenbach-10.jpg 1024w, https:\/\/jf-landkreis-vulkaneifel.de\/wp-content\/uploads\/2014\/10\/14-10-19-Jugendflamme-Stufe-3-Muerlenbach-10-550x366.jpg 550w, https:\/\/jf-landkreis-vulkaneifel.de\/wp-content\/uploads\/2014\/10\/14-10-19-Jugendflamme-Stufe-3-Muerlenbach-10-624x416.jpg 624w\" sizes=\"auto, (max-width: 1024px) 100vw, 1024px\" \/>\n\t\t\t<\/dt>\n\t\t\t\t<dd class='wp-caption-text gallery-caption' id='gallery-1-707'>\n\t\t\t\tAngriffstrupp mit C-Strahlrohr\n\t\t\t\t<\/dd><\/dl><br style=\"clear: both\" \/><dl class='gallery-item'>\n\t\t\t<dt class='gallery-icon landscape'>\n\t\t\t\t<img loading=\"lazy\" decoding=\"async\" width=\"1024\" height=\"683\" src=\"https:\/\/jf-landkreis-vulkaneifel.de\/wp-content\/uploads\/2014\/10\/14-10-19-Jugendflamme-Stufe-3-Muerlenbach-9.jpg\" class=\"attachment-full size-full\" alt=\"C-Strahlrohr\" aria-describedby=\"gallery-1-706\" srcset=\"https:\/\/jf-landkreis-vulkaneifel.de\/wp-content\/uploads\/2014\/10\/14-10-19-Jugendflamme-Stufe-3-Muerlenbach-9.jpg 1024w, https:\/\/jf-landkreis-vulkaneifel.de\/wp-content\/uploads\/2014\/10\/14-10-19-Jugendflamme-Stufe-3-Muerlenbach-9-550x366.jpg 550w, https:\/\/jf-landkreis-vulkaneifel.de\/wp-content\/uploads\/2014\/10\/14-10-19-Jugendflamme-Stufe-3-Muerlenbach-9-624x416.jpg 624w\" sizes=\"auto, (max-width: 1024px) 100vw, 1024px\" \/>\n\t\t\t<\/dt>\n\t\t\t\t<dd class='wp-caption-text gallery-caption' id='gallery-1-706'>\n\t\t\t\tC-Strahlrohr\n\t\t\t\t<\/dd><\/dl><br style=\"clear: both\" \/><dl class='gallery-item'>\n\t\t\t<dt class='gallery-icon landscape'>\n\t\t\t\t<img loading=\"lazy\" decoding=\"async\" width=\"1024\" height=\"683\" src=\"https:\/\/jf-landkreis-vulkaneifel.de\/wp-content\/uploads\/2014\/10\/14-10-19-Jugendflamme-Stufe-3-Muerlenbach-17.jpg\" class=\"attachment-full size-full\" alt=\"Schaumrohr\" aria-describedby=\"gallery-1-714\" srcset=\"https:\/\/jf-landkreis-vulkaneifel.de\/wp-content\/uploads\/2014\/10\/14-10-19-Jugendflamme-Stufe-3-Muerlenbach-17.jpg 1024w, https:\/\/jf-landkreis-vulkaneifel.de\/wp-content\/uploads\/2014\/10\/14-10-19-Jugendflamme-Stufe-3-Muerlenbach-17-550x366.jpg 550w, https:\/\/jf-landkreis-vulkaneifel.de\/wp-content\/uploads\/2014\/10\/14-10-19-Jugendflamme-Stufe-3-Muerlenbach-17-624x416.jpg 624w\" sizes=\"auto, (max-width: 1024px) 100vw, 1024px\" \/>\n\t\t\t<\/dt>\n\t\t\t\t<dd class='wp-caption-text gallery-caption' id='gallery-1-714'>\n\t\t\t\tSchaumrohr\n\t\t\t\t<\/dd><\/dl><br style=\"clear: both\" \/><dl class='gallery-item'>\n\t\t\t<dt class='gallery-icon landscape'>\n\t\t\t\t<img loading=\"lazy\" decoding=\"async\" width=\"1024\" height=\"683\" src=\"https:\/\/jf-landkreis-vulkaneifel.de\/wp-content\/uploads\/2014\/10\/14-10-19-Jugendflamme-Stufe-3-Muerlenbach-12.jpg\" class=\"attachment-full size-full\" alt=\"Aufrollen eines Schlauches\" aria-describedby=\"gallery-1-709\" srcset=\"https:\/\/jf-landkreis-vulkaneifel.de\/wp-content\/uploads\/2014\/10\/14-10-19-Jugendflamme-Stufe-3-Muerlenbach-12.jpg 1024w, https:\/\/jf-landkreis-vulkaneifel.de\/wp-content\/uploads\/2014\/10\/14-10-19-Jugendflamme-Stufe-3-Muerlenbach-12-550x366.jpg 550w, https:\/\/jf-landkreis-vulkaneifel.de\/wp-content\/uploads\/2014\/10\/14-10-19-Jugendflamme-Stufe-3-Muerlenbach-12-624x416.jpg 624w\" sizes=\"auto, (max-width: 1024px) 100vw, 1024px\" \/>\n\t\t\t<\/dt>\n\t\t\t\t<dd class='wp-caption-text gallery-caption' id='gallery-1-709'>\n\t\t\t\tAufrollen eines Schlauches\n\t\t\t\t<\/dd><\/dl><br style=\"clear: both\" \/><dl class='gallery-item'>\n\t\t\t<dt class='gallery-icon landscape'>\n\t\t\t\t<img loading=\"lazy\" decoding=\"async\" width=\"1024\" height=\"683\" src=\"https:\/\/jf-landkreis-vulkaneifel.de\/wp-content\/uploads\/2014\/10\/14-10-19-Jugendflamme-Stufe-3-Muerlenbach-19.jpg\" class=\"attachment-full size-full\" alt=\"Bereitstellung\" aria-describedby=\"gallery-1-716\" srcset=\"https:\/\/jf-landkreis-vulkaneifel.de\/wp-content\/uploads\/2014\/10\/14-10-19-Jugendflamme-Stufe-3-Muerlenbach-19.jpg 1024w, https:\/\/jf-landkreis-vulkaneifel.de\/wp-content\/uploads\/2014\/10\/14-10-19-Jugendflamme-Stufe-3-Muerlenbach-19-550x366.jpg 550w, https:\/\/jf-landkreis-vulkaneifel.de\/wp-content\/uploads\/2014\/10\/14-10-19-Jugendflamme-Stufe-3-Muerlenbach-19-624x416.jpg 624w\" sizes=\"auto, (max-width: 1024px) 100vw, 1024px\" \/>\n\t\t\t<\/dt>\n\t\t\t\t<dd class='wp-caption-text gallery-caption' id='gallery-1-716'>\n\t\t\t\tBereitstellung\n\t\t\t\t<\/dd><\/dl><br style=\"clear: both\" \/><dl class='gallery-item'>\n\t\t\t<dt class='gallery-icon landscape'>\n\t\t\t\t<img loading=\"lazy\" decoding=\"async\" width=\"1024\" height=\"683\" src=\"https:\/\/jf-landkreis-vulkaneifel.de\/wp-content\/uploads\/2014\/10\/14-10-19-Jugendflamme-Stufe-3-Muerlenbach-18.jpg\" class=\"attachment-full size-full\" alt=\"Besprechung der Wertungsrichter\" aria-describedby=\"gallery-1-715\" srcset=\"https:\/\/jf-landkreis-vulkaneifel.de\/wp-content\/uploads\/2014\/10\/14-10-19-Jugendflamme-Stufe-3-Muerlenbach-18.jpg 1024w, https:\/\/jf-landkreis-vulkaneifel.de\/wp-content\/uploads\/2014\/10\/14-10-19-Jugendflamme-Stufe-3-Muerlenbach-18-550x366.jpg 550w, https:\/\/jf-landkreis-vulkaneifel.de\/wp-content\/uploads\/2014\/10\/14-10-19-Jugendflamme-Stufe-3-Muerlenbach-18-624x416.jpg 624w\" sizes=\"auto, (max-width: 1024px) 100vw, 1024px\" \/>\n\t\t\t<\/dt>\n\t\t\t\t<dd class='wp-caption-text gallery-caption' id='gallery-1-715'>\n\t\t\t\tBesprechung der Wertungsrichter\n\t\t\t\t<\/dd><\/dl><br style=\"clear: both\" \/><dl class='gallery-item'>\n\t\t\t<dt class='gallery-icon landscape'>\n\t\t\t\t<img loading=\"lazy\" decoding=\"async\" width=\"1024\" height=\"683\" src=\"https:\/\/jf-landkreis-vulkaneifel.de\/wp-content\/uploads\/2014\/10\/14-10-19-Jugendflamme-Stufe-3-Muerlenbach-20.jpg\" class=\"attachment-full size-full\" alt=\"Ergebnissbesprechung mit der Gruppe\" aria-describedby=\"gallery-1-717\" srcset=\"https:\/\/jf-landkreis-vulkaneifel.de\/wp-content\/uploads\/2014\/10\/14-10-19-Jugendflamme-Stufe-3-Muerlenbach-20.jpg 1024w, https:\/\/jf-landkreis-vulkaneifel.de\/wp-content\/uploads\/2014\/10\/14-10-19-Jugendflamme-Stufe-3-Muerlenbach-20-550x366.jpg 550w, https:\/\/jf-landkreis-vulkaneifel.de\/wp-content\/uploads\/2014\/10\/14-10-19-Jugendflamme-Stufe-3-Muerlenbach-20-624x416.jpg 624w\" sizes=\"auto, (max-width: 1024px) 100vw, 1024px\" \/>\n\t\t\t<\/dt>\n\t\t\t\t<dd class='wp-caption-text gallery-caption' id='gallery-1-717'>\n\t\t\t\tErgebnissbesprechung mit der Gruppe\n\t\t\t\t<\/dd><\/dl><br style=\"clear: both\" \/><dl class='gallery-item'>\n\t\t\t<dt class='gallery-icon landscape'>\n\t\t\t\t<img loading=\"lazy\" decoding=\"async\" width=\"1024\" height=\"683\" src=\"https:\/\/jf-landkreis-vulkaneifel.de\/wp-content\/uploads\/2014\/10\/14-10-19-Jugendflamme-Stufe-3-Muerlenbach-21.jpg\" class=\"attachment-full size-full\" alt=\"Feuerwehrschriftzug 112\" aria-describedby=\"gallery-1-718\" srcset=\"https:\/\/jf-landkreis-vulkaneifel.de\/wp-content\/uploads\/2014\/10\/14-10-19-Jugendflamme-Stufe-3-Muerlenbach-21.jpg 1024w, https:\/\/jf-landkreis-vulkaneifel.de\/wp-content\/uploads\/2014\/10\/14-10-19-Jugendflamme-Stufe-3-Muerlenbach-21-550x366.jpg 550w, https:\/\/jf-landkreis-vulkaneifel.de\/wp-content\/uploads\/2014\/10\/14-10-19-Jugendflamme-Stufe-3-Muerlenbach-21-624x416.jpg 624w\" sizes=\"auto, (max-width: 1024px) 100vw, 1024px\" \/>\n\t\t\t<\/dt>\n\t\t\t\t<dd class='wp-caption-text gallery-caption' id='gallery-1-718'>\n\t\t\t\tFeuerwehrschriftzug 112\n\t\t\t\t<\/dd><\/dl><br style=\"clear: both\" \/>\n\t\t<\/div>\n\n","protected":false},"excerpt":{"rendered":"<p>Abnahme der Jugendflamme Stufe 3 am 19. Oktober 2014 in M\u00fcrlenbach. Die Jugendlichen aus den Jugendfeuewehren M\u00fcrlenbach und Gerolstein haben die geforderten \u00dcbungen aus dem Bereich Feuerwehrtechnik hervorragend gemeistert! Die 1. \u00dcbung hatte zur Aufgabe einen L\u00f6schangriff \u00fcber einen Wassergraben mit einer Leiter. Die 2. \u00dcbung war ein L\u00f6schangriff mit einem Schaumrohr.<\/p>\n","protected":false},"author":5,"featured_media":700,"parent":119,"menu_order":4,"comment_status":"closed","ping_status":"open","template":"","meta":{"footnotes":""},"class_list":["post-720","page","type-page","status-publish","has-post-thumbnail","hentry"],"_links":{"self":[{"href":"https:\/\/jf-landkreis-vulkaneifel.de\/index.php?rest_route=\/wp\/v2\/pages\/720","targetHints":{"allow":["GET"]}}],"collection":[{"href":"https:\/\/jf-landkreis-vulkaneifel.de\/index.php?rest_route=\/wp\/v2\/pages"}],"about":[{"href":"https:\/\/jf-landkreis-vulkaneifel.de\/index.php?rest_route=\/wp\/v2\/types\/page"}],"author":[{"embeddable":true,"href":"https:\/\/jf-landkreis-vulkaneifel.de\/index.php?rest_route=\/wp\/v2\/users\/5"}],"replies":[{"embeddable":true,"href":"https:\/\/jf-landkreis-vulkaneifel.de\/index.php?rest_route=%2Fwp%2Fv2%2Fcomments&post=720"}],"version-history":[{"count":5,"href":"https:\/\/jf-landkreis-vulkaneifel.de\/index.php?rest_route=\/wp\/v2\/pages\/720\/revisions"}],"predecessor-version":[{"id":851,"href":"https:\/\/jf-landkreis-vulkaneifel.de\/index.php?rest_route=\/wp\/v2\/pages\/720\/revisions\/851"}],"up":[{"embeddable":true,"href":"https:\/\/jf-landkreis-vulkaneifel.de\/index.php?rest_route=\/wp\/v2\/pages\/119"}],"wp:featuredmedia":[{"embeddable":true,"href":"https:\/\/jf-landkreis-vulkaneifel.de\/index.php?rest_route=\/wp\/v2\/media\/700"}],"wp:attachment":[{"href":"https:\/\/jf-landkreis-vulkaneifel.de\/index.php?rest_route=%2Fwp%2Fv2%2Fmedia&parent=720"}],"curies":[{"name":"wp","href":"https:\/\/api.w.org\/{rel}","templated":true}]}}